{"id":136241,"date":"2025-11-14T17:20:20","date_gmt":"2025-11-14T16:20:20","guid":{"rendered":"https:\/\/www.ernstbrunn-apotheke.at\/katalog\/produkt\/vichy-normaderm-phytosolution-anti-unreinheitenpflege-mit-2-fach-wirkung-50-ml\/"},"modified":"2025-12-09T10:27:33","modified_gmt":"2025-12-09T09:27:33","slug":"vichy-normaderm-phytosolution-anti-unreinheitenpflege-mit-2-fach-wirkung-50-ml","status":"publish","type":"product","link":"https:\/\/www.ernstbrunn-apotheke.at\/katalog\/produkt\/vichy-normaderm-phytosolution-anti-unreinheitenpflege-mit-2-fach-wirkung-50-ml\/","title":{"rendered":"VICHY Normaderm Phytosolution Anti-Unreinheitenpflege mit 2-Fach Wirkung 50 ml"},"content":{"rendered":"<p>VICHY Normaderm Phytosolution &#8211; Anti-Unreinheitenpflege mit 2-Fach Wirkung kl\u00e4rt und korrigiert Unreinheiten durch 2% nat\u00fcrliche Salicyls\u00e4ure, spendet Feuchtigkeit und regeneriert die Haut dank nat\u00fcrlichems Hyaluron.<\/p>\n","protected":false},"excerpt":{"rendered":"<p>VICHY Normaderm Phytosolution &#8211; Anti-Unreinheitenpflege mit 2-Fach Wirkung kl\u00e4rt und korrigiert Unreinheiten durch 2% nat\u00fcrliche Salicyls\u00e4ure, spendet Feuchtigkeit und regeneriert die Haut dank nat\u00fcrlichems Hyaluron.<\/p>\n","protected":false},"featured_media":136243,"template":"","meta":{"_acf_changed":false},"product_brand":[675],"product_cat":[799],"product_tag":[],"class_list":{"0":"post-136241","1":"product","2":"type-product","3":"status-publish","4":"has-post-thumbnail","6":"product_brand-vichy","7":"product_cat-v","8":"pa_packungsgroesse-50ml","10":"first","11":"instock","12":"shipping-taxable","13":"purchasable","14":"product-type-simple"},"acf":[],"_links":{"self":[{"href":"https:\/\/www.ernstbrunn-apotheke.at\/katalog\/wp-json\/wp\/v2\/product\/136241","targetHints":{"allow":["GET"]}}],"collection":[{"href":"https:\/\/www.ernstbrunn-apotheke.at\/katalog\/wp-json\/wp\/v2\/product"}],"about":[{"href":"https:\/\/www.ernstbrunn-apotheke.at\/katalog\/wp-json\/wp\/v2\/types\/product"}],"wp:featuredmedia":[{"embeddable":true,"href":"https:\/\/www.ernstbrunn-apotheke.at\/katalog\/wp-json\/wp\/v2\/media\/136243"}],"wp:attachment":[{"href":"https:\/\/www.ernstbrunn-apotheke.at\/katalog\/wp-json\/wp\/v2\/media?parent=136241"}],"wp:term":[{"taxonomy":"product_brand","embeddable":true,"href":"https:\/\/www.ernstbrunn-apotheke.at\/katalog\/wp-json\/wp\/v2\/product_brand?post=136241"},{"taxonomy":"product_cat","embeddable":true,"href":"https:\/\/www.ernstbrunn-apotheke.at\/katalog\/wp-json\/wp\/v2\/product_cat?post=136241"},{"taxonomy":"product_tag","embeddable":true,"href":"https:\/\/www.ernstbrunn-apotheke.at\/katalog\/wp-json\/wp\/v2\/product_tag?post=136241"}],"curies":[{"name":"wp","href":"https:\/\/api.w.org\/{rel}","templated":true}]}}