{"id":135890,"date":"2025-11-14T16:48:01","date_gmt":"2025-11-14T15:48:01","guid":{"rendered":"https:\/\/www.ernstbrunn-apotheke.at\/katalog\/produkt\/tribulus-terr-kapseln-100-stk\/"},"modified":"2025-12-09T10:26:25","modified_gmt":"2025-12-09T09:26:25","slug":"tribulus-terr-kapseln-100-stk","status":"publish","type":"product","link":"https:\/\/www.ernstbrunn-apotheke.at\/katalog\/produkt\/tribulus-terr-kapseln-100-stk\/","title":{"rendered":"Tribulus Terr Kapseln 100 Stk."},"content":{"rendered":"<p>Tribulus Terrestris Kapseln unterst\u00fctzen eine proteinreiche und abwechlungsreiche Ern\u00e4hrung, indem Tribulus und Zink erg\u00e4nzend zur Verf\u00fcgung gestellt werden. Zink tr\u00e4gt zur Erhaltung eines normalen Testosteronspiegels im Blut bei.<\/p>\n","protected":false},"excerpt":{"rendered":"<p>Tribulus Terrestris Kapseln unterst\u00fctzen eine proteinreiche und abwechlungsreiche Ern\u00e4hrung, indem Tribulus und Zink erg\u00e4nzend zur Verf\u00fcgung gestellt werden. Zink tr\u00e4gt zur Erhaltung eines normalen Testosteronspiegels im Blut bei.<\/p>\n","protected":false},"featured_media":0,"template":"","meta":{"_acf_changed":false},"product_brand":[],"product_cat":[798],"product_tag":[],"class_list":{"0":"post-135890","1":"product","2":"type-product","3":"status-publish","5":"product_cat-t","6":"pa_packungsgroesse-100-stueck","8":"first","9":"instock","10":"shipping-taxable","11":"purchasable","12":"product-type-simple"},"acf":[],"_links":{"self":[{"href":"https:\/\/www.ernstbrunn-apotheke.at\/katalog\/wp-json\/wp\/v2\/product\/135890","targetHints":{"allow":["GET"]}}],"collection":[{"href":"https:\/\/www.ernstbrunn-apotheke.at\/katalog\/wp-json\/wp\/v2\/product"}],"about":[{"href":"https:\/\/www.ernstbrunn-apotheke.at\/katalog\/wp-json\/wp\/v2\/types\/product"}],"wp:attachment":[{"href":"https:\/\/www.ernstbrunn-apotheke.at\/katalog\/wp-json\/wp\/v2\/media?parent=135890"}],"wp:term":[{"taxonomy":"product_brand","embeddable":true,"href":"https:\/\/www.ernstbrunn-apotheke.at\/katalog\/wp-json\/wp\/v2\/product_brand?post=135890"},{"taxonomy":"product_cat","embeddable":true,"href":"https:\/\/www.ernstbrunn-apotheke.at\/katalog\/wp-json\/wp\/v2\/product_cat?post=135890"},{"taxonomy":"product_tag","embeddable":true,"href":"https:\/\/www.ernstbrunn-apotheke.at\/katalog\/wp-json\/wp\/v2\/product_tag?post=135890"}],"curies":[{"name":"wp","href":"https:\/\/api.w.org\/{rel}","templated":true}]}}