{"id":135720,"date":"2025-11-14T16:44:40","date_gmt":"2025-11-14T15:44:40","guid":{"rendered":"https:\/\/www.ernstbrunn-apotheke.at\/katalog\/produkt\/theracare-skin-control-gel-75-ml\/"},"modified":"2025-12-09T10:25:48","modified_gmt":"2025-12-09T09:25:48","slug":"theracare-skin-control-gel-75-ml","status":"publish","type":"product","link":"https:\/\/www.ernstbrunn-apotheke.at\/katalog\/produkt\/theracare-skin-control-gel-75-ml\/","title":{"rendered":"Theracare Skin Control Gel 7,5 ml"},"content":{"rendered":"<p>Theracare Skin Control Gel unterst\u00fctzt die schnelle Regeneration entz\u00fcndeter und gereizter Haut. Gleichzeitig sch\u00fctzt das Pr\u00e4parat vor neuen Irritationen und beugt Infektionen vor.<\/p>\n","protected":false},"excerpt":{"rendered":"<p>Theracare Skin Control Gel unterst\u00fctzt die schnelle Regeneration entz\u00fcndeter und gereizter Haut. Gleichzeitig sch\u00fctzt das Pr\u00e4parat vor neuen Irritationen und beugt Infektionen vor.<\/p>\n","protected":false},"featured_media":0,"template":"","meta":{"_acf_changed":false},"product_brand":[],"product_cat":[798],"product_tag":[],"class_list":{"0":"post-135720","1":"product","2":"type-product","3":"status-publish","5":"product_cat-t","6":"pa_packungsgroesse-7ml","8":"first","9":"instock","10":"shipping-taxable","11":"purchasable","12":"product-type-simple"},"acf":[],"_links":{"self":[{"href":"https:\/\/www.ernstbrunn-apotheke.at\/katalog\/wp-json\/wp\/v2\/product\/135720","targetHints":{"allow":["GET"]}}],"collection":[{"href":"https:\/\/www.ernstbrunn-apotheke.at\/katalog\/wp-json\/wp\/v2\/product"}],"about":[{"href":"https:\/\/www.ernstbrunn-apotheke.at\/katalog\/wp-json\/wp\/v2\/types\/product"}],"wp:attachment":[{"href":"https:\/\/www.ernstbrunn-apotheke.at\/katalog\/wp-json\/wp\/v2\/media?parent=135720"}],"wp:term":[{"taxonomy":"product_brand","embeddable":true,"href":"https:\/\/www.ernstbrunn-apotheke.at\/katalog\/wp-json\/wp\/v2\/product_brand?post=135720"},{"taxonomy":"product_cat","embeddable":true,"href":"https:\/\/www.ernstbrunn-apotheke.at\/katalog\/wp-json\/wp\/v2\/product_cat?post=135720"},{"taxonomy":"product_tag","embeddable":true,"href":"https:\/\/www.ernstbrunn-apotheke.at\/katalog\/wp-json\/wp\/v2\/product_tag?post=135720"}],"curies":[{"name":"wp","href":"https:\/\/api.w.org\/{rel}","templated":true}]}}