{"id":134932,"date":"2025-11-14T15:57:17","date_gmt":"2025-11-14T14:57:17","guid":{"rendered":"https:\/\/www.ernstbrunn-apotheke.at\/katalog\/produkt\/taoasis-baldini-bio-aroma-limettenoel-5-ml\/"},"modified":"2025-12-09T10:23:20","modified_gmt":"2025-12-09T09:23:20","slug":"taoasis-baldini-bio-aroma-limettenoel-5-ml","status":"publish","type":"product","link":"https:\/\/www.ernstbrunn-apotheke.at\/katalog\/produkt\/taoasis-baldini-bio-aroma-limettenoel-5-ml\/","title":{"rendered":"Taoasis Baldini Bio-Aroma Limetten\u00f6l 5 ml"},"content":{"rendered":"<p>Als wichtigste Zutat des beliebten Cocktails Caipirinha sind die Limettenfr\u00fcchte sehr bekannt geworden. Limette sorgt f\u00fcr eine spritzige, prickelnde Stimmung, die alle Alltagssorgen hinwegfegt und uns \u00fcber uns selbst lachen l\u00e4sst. Es wirkt aktivierend und ist eine spannende Zutat f\u00fcr Cocktails und Getr\u00e4nke und bringt immer eine leicht herbe Limonadennote in Ihre Kreation. Limette erfrischt viele Aroma-Kombinationen wie Geb\u00e4ck oder Desserts und belebt den Gaumen. Sie passt gut zu Orange, aber auch zu Kr\u00e4utern wie Oregano oder Basilikum. Sparsam dosieren!<\/p>\n","protected":false},"excerpt":{"rendered":"<p>Als wichtigste Zutat des beliebten Cocktails Caipirinha sind die Limettenfr\u00fcchte sehr bekannt geworden. Limette sorgt f\u00fcr eine spritzige, prickelnde Stimmung, die alle Alltagssorgen hinwegfegt und uns \u00fcber uns selbst lachen l\u00e4sst. Es wirkt aktivierend und ist eine spannende Zutat f\u00fcr Cocktails und Getr\u00e4nke und bringt immer eine leicht herbe Limonadennote in Ihre Kreation. Limette erfrischt [&hellip;]<\/p>\n","protected":false},"featured_media":134934,"template":"","meta":{"_acf_changed":false},"product_brand":[577],"product_cat":[798],"product_tag":[],"class_list":{"0":"post-134932","1":"product","2":"type-product","3":"status-publish","4":"has-post-thumbnail","6":"product_brand-taoasis","7":"product_cat-t","8":"pa_packungsgroesse-5ml","10":"first","11":"instock","12":"shipping-taxable","13":"purchasable","14":"product-type-simple"},"acf":[],"_links":{"self":[{"href":"https:\/\/www.ernstbrunn-apotheke.at\/katalog\/wp-json\/wp\/v2\/product\/134932","targetHints":{"allow":["GET"]}}],"collection":[{"href":"https:\/\/www.ernstbrunn-apotheke.at\/katalog\/wp-json\/wp\/v2\/product"}],"about":[{"href":"https:\/\/www.ernstbrunn-apotheke.at\/katalog\/wp-json\/wp\/v2\/types\/product"}],"wp:featuredmedia":[{"embeddable":true,"href":"https:\/\/www.ernstbrunn-apotheke.at\/katalog\/wp-json\/wp\/v2\/media\/134934"}],"wp:attachment":[{"href":"https:\/\/www.ernstbrunn-apotheke.at\/katalog\/wp-json\/wp\/v2\/media?parent=134932"}],"wp:term":[{"taxonomy":"product_brand","embeddable":true,"href":"https:\/\/www.ernstbrunn-apotheke.at\/katalog\/wp-json\/wp\/v2\/product_brand?post=134932"},{"taxonomy":"product_cat","embeddable":true,"href":"https:\/\/www.ernstbrunn-apotheke.at\/katalog\/wp-json\/wp\/v2\/product_cat?post=134932"},{"taxonomy":"product_tag","embeddable":true,"href":"https:\/\/www.ernstbrunn-apotheke.at\/katalog\/wp-json\/wp\/v2\/product_tag?post=134932"}],"curies":[{"name":"wp","href":"https:\/\/api.w.org\/{rel}","templated":true}]}}