{"id":134790,"date":"2025-11-14T15:52:40","date_gmt":"2025-11-14T14:52:40","guid":{"rendered":"https:\/\/www.ernstbrunn-apotheke.at\/katalog\/produkt\/supamun-kapseln-2\/"},"modified":"2025-12-09T10:23:07","modified_gmt":"2025-12-09T09:23:07","slug":"supamun-kapseln-2","status":"publish","type":"product","link":"https:\/\/www.ernstbrunn-apotheke.at\/katalog\/produkt\/supamun-kapseln-2\/","title":{"rendered":"Supamun Kapseln"},"content":{"rendered":"<p>Supamun Kapseln\u00ae mit ihrer bew\u00e4hrten Kombination aus den Vitaminen C und D3 sowie dem Spurenelement Zink helfen dabei, das Immunsystem in seiner normalen Funktion zu unterst\u00fctzen. Die Vitalstoffe sch\u00fctzen den K\u00f6rper vor oxidativem Stress, vor allem bei und nach intensiver k\u00f6rperlicher Belastung. St\u00e4rken Sie Ihr Immunsystem noch heute.<\/p>\n","protected":false},"excerpt":{"rendered":"<p>Supamun Kapseln\u00ae mit ihrer bew\u00e4hrten Kombination aus den Vitaminen C und D3 sowie dem Spurenelement Zink helfen dabei, das Immunsystem in seiner normalen Funktion zu unterst\u00fctzen. Die Vitalstoffe sch\u00fctzen den K\u00f6rper vor oxidativem Stress, vor allem bei und nach intensiver k\u00f6rperlicher Belastung. St\u00e4rken Sie Ihr Immunsystem noch heute.<\/p>\n","protected":false},"featured_media":134792,"template":"","meta":{"_acf_changed":false},"product_brand":[1370],"product_cat":[791],"product_tag":[],"class_list":{"0":"post-134790","1":"product","2":"type-product","3":"status-publish","4":"has-post-thumbnail","6":"product_brand-supamun","7":"product_cat-s","8":"pa_packungsgroesse-30-stueck","10":"first","11":"instock","12":"shipping-taxable","13":"purchasable","14":"product-type-simple"},"acf":[],"_links":{"self":[{"href":"https:\/\/www.ernstbrunn-apotheke.at\/katalog\/wp-json\/wp\/v2\/product\/134790","targetHints":{"allow":["GET"]}}],"collection":[{"href":"https:\/\/www.ernstbrunn-apotheke.at\/katalog\/wp-json\/wp\/v2\/product"}],"about":[{"href":"https:\/\/www.ernstbrunn-apotheke.at\/katalog\/wp-json\/wp\/v2\/types\/product"}],"wp:featuredmedia":[{"embeddable":true,"href":"https:\/\/www.ernstbrunn-apotheke.at\/katalog\/wp-json\/wp\/v2\/media\/134792"}],"wp:attachment":[{"href":"https:\/\/www.ernstbrunn-apotheke.at\/katalog\/wp-json\/wp\/v2\/media?parent=134790"}],"wp:term":[{"taxonomy":"product_brand","embeddable":true,"href":"https:\/\/www.ernstbrunn-apotheke.at\/katalog\/wp-json\/wp\/v2\/product_brand?post=134790"},{"taxonomy":"product_cat","embeddable":true,"href":"https:\/\/www.ernstbrunn-apotheke.at\/katalog\/wp-json\/wp\/v2\/product_cat?post=134790"},{"taxonomy":"product_tag","embeddable":true,"href":"https:\/\/www.ernstbrunn-apotheke.at\/katalog\/wp-json\/wp\/v2\/product_tag?post=134790"}],"curies":[{"name":"wp","href":"https:\/\/api.w.org\/{rel}","templated":true}]}}