{"id":134432,"date":"2025-11-14T15:43:30","date_gmt":"2025-11-14T14:43:30","guid":{"rendered":"https:\/\/www.ernstbrunn-apotheke.at\/katalog\/produkt\/b-braun-softa-man-haendedesinfektion-500-ml\/"},"modified":"2025-12-09T10:22:01","modified_gmt":"2025-12-09T09:22:01","slug":"b-braun-softa-man-haendedesinfektion-500-ml","status":"publish","type":"product","link":"https:\/\/www.ernstbrunn-apotheke.at\/katalog\/produkt\/b-braun-softa-man-haendedesinfektion-500-ml\/","title":{"rendered":"B. Braun Softa-Man H\u00e4ndedesinfektion 500 ml"},"content":{"rendered":"<p>B. Braun Softa-Man H\u00e4ndedesinfektion ist ein alkoholisches H\u00e4ndedesinfektionsmittel f\u00fcr trockene bis normale Haut. Das Mittel wirkt gegen Bakterien und Pilze und zeigt eine sichere Sofort- und Langzeitwirkung. Die Desinfektion ist dermatologisch getestet und weist eine sehr gute Hautvertr\u00e4glichkeit auf.<\/p>\n","protected":false},"excerpt":{"rendered":"<p>B. Braun Softa-Man H\u00e4ndedesinfektion ist ein alkoholisches H\u00e4ndedesinfektionsmittel f\u00fcr trockene bis normale Haut. Das Mittel wirkt gegen Bakterien und Pilze und zeigt eine sichere Sofort- und Langzeitwirkung. Die Desinfektion ist dermatologisch getestet und weist eine sehr gute Hautvertr\u00e4glichkeit auf.<\/p>\n","protected":false},"featured_media":134434,"template":"","meta":{"_acf_changed":false},"product_brand":[],"product_cat":[802],"product_tag":[],"class_list":{"0":"post-134432","1":"product","2":"type-product","3":"status-publish","4":"has-post-thumbnail","6":"product_cat-b","7":"pa_packungsgroesse-500ml","9":"first","10":"instock","11":"shipping-taxable","12":"purchasable","13":"product-type-simple"},"acf":[],"_links":{"self":[{"href":"https:\/\/www.ernstbrunn-apotheke.at\/katalog\/wp-json\/wp\/v2\/product\/134432","targetHints":{"allow":["GET"]}}],"collection":[{"href":"https:\/\/www.ernstbrunn-apotheke.at\/katalog\/wp-json\/wp\/v2\/product"}],"about":[{"href":"https:\/\/www.ernstbrunn-apotheke.at\/katalog\/wp-json\/wp\/v2\/types\/product"}],"wp:featuredmedia":[{"embeddable":true,"href":"https:\/\/www.ernstbrunn-apotheke.at\/katalog\/wp-json\/wp\/v2\/media\/134434"}],"wp:attachment":[{"href":"https:\/\/www.ernstbrunn-apotheke.at\/katalog\/wp-json\/wp\/v2\/media?parent=134432"}],"wp:term":[{"taxonomy":"product_brand","embeddable":true,"href":"https:\/\/www.ernstbrunn-apotheke.at\/katalog\/wp-json\/wp\/v2\/product_brand?post=134432"},{"taxonomy":"product_cat","embeddable":true,"href":"https:\/\/www.ernstbrunn-apotheke.at\/katalog\/wp-json\/wp\/v2\/product_cat?post=134432"},{"taxonomy":"product_tag","embeddable":true,"href":"https:\/\/www.ernstbrunn-apotheke.at\/katalog\/wp-json\/wp\/v2\/product_tag?post=134432"}],"curies":[{"name":"wp","href":"https:\/\/api.w.org\/{rel}","templated":true}]}}