{"id":134356,"date":"2025-11-14T15:41:38","date_gmt":"2025-11-14T14:41:38","guid":{"rendered":"https:\/\/www.ernstbrunn-apotheke.at\/katalog\/produkt\/silphion-16-kraeuter-vitamin-c-elixier-720-ml\/"},"modified":"2025-12-09T10:21:44","modified_gmt":"2025-12-09T09:21:44","slug":"silphion-16-kraeuter-vitamin-c-elixier-720-ml","status":"publish","type":"product","link":"https:\/\/www.ernstbrunn-apotheke.at\/katalog\/produkt\/silphion-16-kraeuter-vitamin-c-elixier-720-ml\/","title":{"rendered":"Silphion 16 Kr\u00e4uter Vitamin C Elixier 720 ml"},"content":{"rendered":"<p>Silphion 16 Kr\u00e4uter Vitamin C Elixier ist ein wohlschmeckender, alkoholfreier BIO-Kr\u00e4uter-Ap\u00e9ritif mit der leichten Frische der Holunderbl\u00fcte und Ausz\u00fcgen aus 16 wohlschmeckenden Kr\u00e4utern, sowie nat\u00fcrlichem Vitamin C aus Acerola f\u00fcr Gesundheit und Wohlbefinden.<\/p>\n","protected":false},"excerpt":{"rendered":"<p>Silphion 16 Kr\u00e4uter Vitamin C Elixier ist ein wohlschmeckender, alkoholfreier BIO-Kr\u00e4uter-Ap\u00e9ritif mit der leichten Frische der Holunderbl\u00fcte und Ausz\u00fcgen aus 16 wohlschmeckenden Kr\u00e4utern, sowie nat\u00fcrlichem Vitamin C aus Acerola f\u00fcr Gesundheit und Wohlbefinden.<\/p>\n","protected":false},"featured_media":0,"template":"","meta":{"_acf_changed":false},"product_brand":[],"product_cat":[791],"product_tag":[],"class_list":{"0":"post-134356","1":"product","2":"type-product","3":"status-publish","5":"product_cat-s","6":"pa_packungsgroesse-720ml","8":"first","9":"instock","10":"shipping-taxable","11":"purchasable","12":"product-type-simple"},"acf":[],"_links":{"self":[{"href":"https:\/\/www.ernstbrunn-apotheke.at\/katalog\/wp-json\/wp\/v2\/product\/134356","targetHints":{"allow":["GET"]}}],"collection":[{"href":"https:\/\/www.ernstbrunn-apotheke.at\/katalog\/wp-json\/wp\/v2\/product"}],"about":[{"href":"https:\/\/www.ernstbrunn-apotheke.at\/katalog\/wp-json\/wp\/v2\/types\/product"}],"wp:attachment":[{"href":"https:\/\/www.ernstbrunn-apotheke.at\/katalog\/wp-json\/wp\/v2\/media?parent=134356"}],"wp:term":[{"taxonomy":"product_brand","embeddable":true,"href":"https:\/\/www.ernstbrunn-apotheke.at\/katalog\/wp-json\/wp\/v2\/product_brand?post=134356"},{"taxonomy":"product_cat","embeddable":true,"href":"https:\/\/www.ernstbrunn-apotheke.at\/katalog\/wp-json\/wp\/v2\/product_cat?post=134356"},{"taxonomy":"product_tag","embeddable":true,"href":"https:\/\/www.ernstbrunn-apotheke.at\/katalog\/wp-json\/wp\/v2\/product_tag?post=134356"}],"curies":[{"name":"wp","href":"https:\/\/api.w.org\/{rel}","templated":true}]}}