{"id":133991,"date":"2025-11-14T15:32:49","date_gmt":"2025-11-14T14:32:49","guid":{"rendered":"https:\/\/www.ernstbrunn-apotheke.at\/katalog\/produkt\/celaflor-natuerlicher-ameisenkoeder-2-dosen\/"},"modified":"2025-12-09T10:20:20","modified_gmt":"2025-12-09T09:20:20","slug":"celaflor-natuerlicher-ameisenkoeder-2-dosen","status":"publish","type":"product","link":"https:\/\/www.ernstbrunn-apotheke.at\/katalog\/produkt\/celaflor-natuerlicher-ameisenkoeder-2-dosen\/","title":{"rendered":"Celaflor Nat\u00fcrlicher Ameisenk\u00f6der 2 Dosen"},"content":{"rendered":"<p>Celaflor Nat\u00fcrlicher Ameisenk\u00f6der 2 Dosen sind praktische K\u00f6derdosen mit nat\u00fcrlichem Wirkstoff zur Bek\u00e4mpfung l\u00e4stiger Ameisen. Das Produkt garantieren eine restlose Beseitigung des ganzen Stammes durch attraktive Lockstoffe und Nestwirkung.<\/p>\n","protected":false},"excerpt":{"rendered":"<p>Celaflor Nat\u00fcrlicher Ameisenk\u00f6der 2 Dosen sind praktische K\u00f6derdosen mit nat\u00fcrlichem Wirkstoff zur Bek\u00e4mpfung l\u00e4stiger Ameisen. Das Produkt garantieren eine restlose Beseitigung des ganzen Stammes durch attraktive Lockstoffe und Nestwirkung.<\/p>\n","protected":false},"featured_media":133993,"template":"","meta":{"_acf_changed":false},"product_brand":[],"product_cat":[812],"product_tag":[],"class_list":{"0":"post-133991","1":"product","2":"type-product","3":"status-publish","4":"has-post-thumbnail","6":"product_cat-c","7":"pa_packungsgroesse-735","9":"first","10":"instock","11":"shipping-taxable","12":"purchasable","13":"product-type-simple"},"acf":[],"_links":{"self":[{"href":"https:\/\/www.ernstbrunn-apotheke.at\/katalog\/wp-json\/wp\/v2\/product\/133991","targetHints":{"allow":["GET"]}}],"collection":[{"href":"https:\/\/www.ernstbrunn-apotheke.at\/katalog\/wp-json\/wp\/v2\/product"}],"about":[{"href":"https:\/\/www.ernstbrunn-apotheke.at\/katalog\/wp-json\/wp\/v2\/types\/product"}],"wp:featuredmedia":[{"embeddable":true,"href":"https:\/\/www.ernstbrunn-apotheke.at\/katalog\/wp-json\/wp\/v2\/media\/133993"}],"wp:attachment":[{"href":"https:\/\/www.ernstbrunn-apotheke.at\/katalog\/wp-json\/wp\/v2\/media?parent=133991"}],"wp:term":[{"taxonomy":"product_brand","embeddable":true,"href":"https:\/\/www.ernstbrunn-apotheke.at\/katalog\/wp-json\/wp\/v2\/product_brand?post=133991"},{"taxonomy":"product_cat","embeddable":true,"href":"https:\/\/www.ernstbrunn-apotheke.at\/katalog\/wp-json\/wp\/v2\/product_cat?post=133991"},{"taxonomy":"product_tag","embeddable":true,"href":"https:\/\/www.ernstbrunn-apotheke.at\/katalog\/wp-json\/wp\/v2\/product_tag?post=133991"}],"curies":[{"name":"wp","href":"https:\/\/api.w.org\/{rel}","templated":true}]}}