{"id":133820,"date":"2025-11-14T15:28:15","date_gmt":"2025-11-14T14:28:15","guid":{"rendered":"https:\/\/www.ernstbrunn-apotheke.at\/katalog\/produkt\/weleda-stannum-metallicum-pr-d-8-augentropfen-10-ml\/"},"modified":"2025-12-09T10:20:01","modified_gmt":"2025-12-09T09:20:01","slug":"weleda-stannum-metallicum-pr-d-8-augentropfen-10-ml","status":"publish","type":"product","link":"https:\/\/www.ernstbrunn-apotheke.at\/katalog\/produkt\/weleda-stannum-metallicum-pr-d-8-augentropfen-10-ml\/","title":{"rendered":"Weleda Stannum Metallicum PR D 8 Augentropfen 10 ml"},"content":{"rendered":"<p>Weleda Stannum Metallicum Augentropfen werden gem\u00e4\u00df der anthroposophischen Menschen- und Naturerkenntnis als Begleitbehandlung des erh\u00f6hten Augeninnendruckes angewendet. So wird es oft als erg\u00e4nzende Behandlung bei Gr\u00fcnem Star und Glaukomen eingesetzt.<\/p>\n","protected":false},"excerpt":{"rendered":"<p>Weleda Stannum Metallicum Augentropfen werden gem\u00e4\u00df der anthroposophischen Menschen- und Naturerkenntnis als Begleitbehandlung des erh\u00f6hten Augeninnendruckes angewendet. So wird es oft als erg\u00e4nzende Behandlung bei Gr\u00fcnem Star und Glaukomen eingesetzt.<\/p>\n","protected":false},"featured_media":133822,"template":"","meta":{"_acf_changed":false},"product_brand":[567],"product_cat":[796],"product_tag":[],"class_list":{"0":"post-133820","1":"product","2":"type-product","3":"status-publish","4":"has-post-thumbnail","6":"product_brand-weleda","7":"product_cat-w","8":"pa_packungsgroesse-10ml","10":"first","11":"instock","12":"shipping-taxable","13":"purchasable","14":"product-type-simple"},"acf":[],"_links":{"self":[{"href":"https:\/\/www.ernstbrunn-apotheke.at\/katalog\/wp-json\/wp\/v2\/product\/133820","targetHints":{"allow":["GET"]}}],"collection":[{"href":"https:\/\/www.ernstbrunn-apotheke.at\/katalog\/wp-json\/wp\/v2\/product"}],"about":[{"href":"https:\/\/www.ernstbrunn-apotheke.at\/katalog\/wp-json\/wp\/v2\/types\/product"}],"wp:featuredmedia":[{"embeddable":true,"href":"https:\/\/www.ernstbrunn-apotheke.at\/katalog\/wp-json\/wp\/v2\/media\/133822"}],"wp:attachment":[{"href":"https:\/\/www.ernstbrunn-apotheke.at\/katalog\/wp-json\/wp\/v2\/media?parent=133820"}],"wp:term":[{"taxonomy":"product_brand","embeddable":true,"href":"https:\/\/www.ernstbrunn-apotheke.at\/katalog\/wp-json\/wp\/v2\/product_brand?post=133820"},{"taxonomy":"product_cat","embeddable":true,"href":"https:\/\/www.ernstbrunn-apotheke.at\/katalog\/wp-json\/wp\/v2\/product_cat?post=133820"},{"taxonomy":"product_tag","embeddable":true,"href":"https:\/\/www.ernstbrunn-apotheke.at\/katalog\/wp-json\/wp\/v2\/product_tag?post=133820"}],"curies":[{"name":"wp","href":"https:\/\/api.w.org\/{rel}","templated":true}]}}