{"id":133584,"date":"2025-11-14T15:20:42","date_gmt":"2025-11-14T14:20:42","guid":{"rendered":"https:\/\/www.ernstbrunn-apotheke.at\/katalog\/produkt\/sonnentor-zimt-zauber-tee-bio-18-btl\/"},"modified":"2025-12-09T10:19:37","modified_gmt":"2025-12-09T09:19:37","slug":"sonnentor-zimt-zauber-tee-bio-18-btl","status":"publish","type":"product","link":"https:\/\/www.ernstbrunn-apotheke.at\/katalog\/produkt\/sonnentor-zimt-zauber-tee-bio-18-btl\/","title":{"rendered":"Sonnentor Zimt Zauber Tee bio 18 Btl."},"content":{"rendered":"<p>Tee trinken und Zimtsterne naschen geht jetzt mit einem kleinen Schluck. Der Tee schmeckt zimtig-s\u00fc\u00df nach Zimtsternen und ist der ideale Tee, die  von dem k\u00f6stlichen Geb\u00e4ck gar nicht genug kriegen k\u00f6nnen. Der Tee harmoniert hervorragend mit winterlichen Desserts und s\u00fc\u00dfen Hauptspeisen wie zum Beispiel Reisauflauf. Hol dir die Sterne vom Himmel!<\/p>\n","protected":false},"excerpt":{"rendered":"<p>Tee trinken und Zimtsterne naschen geht jetzt mit einem kleinen Schluck. Der Tee schmeckt zimtig-s\u00fc\u00df nach Zimtsternen und ist der ideale Tee, die von dem k\u00f6stlichen Geb\u00e4ck gar nicht genug kriegen k\u00f6nnen. Der Tee harmoniert hervorragend mit winterlichen Desserts und s\u00fc\u00dfen Hauptspeisen wie zum Beispiel Reisauflauf. Hol dir die Sterne vom Himmel!<\/p>\n","protected":false},"featured_media":133586,"template":"","meta":{"_acf_changed":false},"product_brand":[925],"product_cat":[791],"product_tag":[],"class_list":{"0":"post-133584","1":"product","2":"type-product","3":"status-publish","4":"has-post-thumbnail","6":"product_brand-sonnentor","7":"product_cat-s","8":"pa_packungsgroesse-18-beutel","10":"first","11":"instock","12":"shipping-taxable","13":"purchasable","14":"product-type-simple"},"acf":[],"_links":{"self":[{"href":"https:\/\/www.ernstbrunn-apotheke.at\/katalog\/wp-json\/wp\/v2\/product\/133584","targetHints":{"allow":["GET"]}}],"collection":[{"href":"https:\/\/www.ernstbrunn-apotheke.at\/katalog\/wp-json\/wp\/v2\/product"}],"about":[{"href":"https:\/\/www.ernstbrunn-apotheke.at\/katalog\/wp-json\/wp\/v2\/types\/product"}],"wp:featuredmedia":[{"embeddable":true,"href":"https:\/\/www.ernstbrunn-apotheke.at\/katalog\/wp-json\/wp\/v2\/media\/133586"}],"wp:attachment":[{"href":"https:\/\/www.ernstbrunn-apotheke.at\/katalog\/wp-json\/wp\/v2\/media?parent=133584"}],"wp:term":[{"taxonomy":"product_brand","embeddable":true,"href":"https:\/\/www.ernstbrunn-apotheke.at\/katalog\/wp-json\/wp\/v2\/product_brand?post=133584"},{"taxonomy":"product_cat","embeddable":true,"href":"https:\/\/www.ernstbrunn-apotheke.at\/katalog\/wp-json\/wp\/v2\/product_cat?post=133584"},{"taxonomy":"product_tag","embeddable":true,"href":"https:\/\/www.ernstbrunn-apotheke.at\/katalog\/wp-json\/wp\/v2\/product_tag?post=133584"}],"curies":[{"name":"wp","href":"https:\/\/api.w.org\/{rel}","templated":true}]}}