{"id":133427,"date":"2025-11-14T15:00:22","date_gmt":"2025-11-14T14:00:22","guid":{"rendered":"https:\/\/www.ernstbrunn-apotheke.at\/katalog\/produkt\/sonnentor-goldener-kurkuma-tee-lose-120-g\/"},"modified":"2025-12-09T10:19:23","modified_gmt":"2025-12-09T09:19:23","slug":"sonnentor-goldener-kurkuma-tee-lose-120-g","status":"publish","type":"product","link":"https:\/\/www.ernstbrunn-apotheke.at\/katalog\/produkt\/sonnentor-goldener-kurkuma-tee-lose-120-g\/","title":{"rendered":"Sonnentor Goldener Kurkuma Tee lose 120 g"},"content":{"rendered":"<p>Spice up your life! Mit dem Goldenen Kurkuma-Tee geht das jetzt teetrinkend, ganz nebenbei. Kurkuma ist f\u00fcr seine Vielseitigkeit bekannt. Mach dich mit diesem Tee in jeder Jahreszeit unbesiegbar. Er leuchtet in einem satten, dunklen Gelb und schmeckt dabei herrlich w\u00fcrzig und vollmundig. Mit einem kleinen Schl\u00fcckchen (Pflanzen-)Milch verfeinert, ist er eine hervorragende Alternative zu Kaffee. Lauwarm getrunken erg\u00e4nzt er wundervoll diverse K\u00e4sesorten und gem\u00fcsig-bunte Pfannengerichte.<\/p>\n","protected":false},"excerpt":{"rendered":"<p>Spice up your life! Mit dem Goldenen Kurkuma-Tee geht das jetzt teetrinkend, ganz nebenbei. Kurkuma ist f\u00fcr seine Vielseitigkeit bekannt. Mach dich mit diesem Tee in jeder Jahreszeit unbesiegbar. Er leuchtet in einem satten, dunklen Gelb und schmeckt dabei herrlich w\u00fcrzig und vollmundig. Mit einem kleinen Schl\u00fcckchen (Pflanzen-)Milch verfeinert, ist er eine hervorragende Alternative zu [&hellip;]<\/p>\n","protected":false},"featured_media":133429,"template":"","meta":{"_acf_changed":false},"product_brand":[925],"product_cat":[791],"product_tag":[],"class_list":{"0":"post-133427","1":"product","2":"type-product","3":"status-publish","4":"has-post-thumbnail","6":"product_brand-sonnentor","7":"product_cat-s","8":"pa_packungsgroesse-120g","10":"first","11":"instock","12":"shipping-taxable","13":"purchasable","14":"product-type-simple"},"acf":[],"_links":{"self":[{"href":"https:\/\/www.ernstbrunn-apotheke.at\/katalog\/wp-json\/wp\/v2\/product\/133427","targetHints":{"allow":["GET"]}}],"collection":[{"href":"https:\/\/www.ernstbrunn-apotheke.at\/katalog\/wp-json\/wp\/v2\/product"}],"about":[{"href":"https:\/\/www.ernstbrunn-apotheke.at\/katalog\/wp-json\/wp\/v2\/types\/product"}],"wp:featuredmedia":[{"embeddable":true,"href":"https:\/\/www.ernstbrunn-apotheke.at\/katalog\/wp-json\/wp\/v2\/media\/133429"}],"wp:attachment":[{"href":"https:\/\/www.ernstbrunn-apotheke.at\/katalog\/wp-json\/wp\/v2\/media?parent=133427"}],"wp:term":[{"taxonomy":"product_brand","embeddable":true,"href":"https:\/\/www.ernstbrunn-apotheke.at\/katalog\/wp-json\/wp\/v2\/product_brand?post=133427"},{"taxonomy":"product_cat","embeddable":true,"href":"https:\/\/www.ernstbrunn-apotheke.at\/katalog\/wp-json\/wp\/v2\/product_cat?post=133427"},{"taxonomy":"product_tag","embeddable":true,"href":"https:\/\/www.ernstbrunn-apotheke.at\/katalog\/wp-json\/wp\/v2\/product_tag?post=133427"}],"curies":[{"name":"wp","href":"https:\/\/api.w.org\/{rel}","templated":true}]}}