{"id":133399,"date":"2025-11-14T14:59:23","date_gmt":"2025-11-14T13:59:23","guid":{"rendered":"https:\/\/www.ernstbrunn-apotheke.at\/katalog\/produkt\/sonnentor-bio-bratapfel-tee-18-btl\/"},"modified":"2025-12-09T10:19:20","modified_gmt":"2025-12-09T09:19:20","slug":"sonnentor-bio-bratapfel-tee-18-btl","status":"publish","type":"product","link":"https:\/\/www.ernstbrunn-apotheke.at\/katalog\/produkt\/sonnentor-bio-bratapfel-tee-18-btl\/","title":{"rendered":"Sonnentor Bio Bratapfel-Tee 18 Btl."},"content":{"rendered":"<p>Der Sonnentor Bratapfel Tee in Beutelform (18 Stk.)  bringt den unverkennbaren Geschmack des Bratapfels mit seinem s\u00fc\u00dflichen Duft nach hei\u00dfen \u00c4pfeln, Zimt und Nelken ganz einfach in Ihre Teetasse. Hagebutten, Orangenst\u00fcckchen, Zitronenschale, Sternanis und Vanilleschoten sorgen zus\u00e4tzlich f\u00fcr Vorfreude auf die kalte Jahreszeit jetzt stark preisreduziert bestellen!<\/p>\n","protected":false},"excerpt":{"rendered":"<p>Der Sonnentor Bratapfel Tee in Beutelform (18 Stk.) bringt den unverkennbaren Geschmack des Bratapfels mit seinem s\u00fc\u00dflichen Duft nach hei\u00dfen \u00c4pfeln, Zimt und Nelken ganz einfach in Ihre Teetasse. Hagebutten, Orangenst\u00fcckchen, Zitronenschale, Sternanis und Vanilleschoten sorgen zus\u00e4tzlich f\u00fcr Vorfreude auf die kalte Jahreszeit jetzt stark preisreduziert bestellen!<\/p>\n","protected":false},"featured_media":133407,"template":"","meta":{"_acf_changed":false},"product_brand":[925],"product_cat":[791],"product_tag":[],"class_list":{"0":"post-133399","1":"product","2":"type-product","3":"status-publish","4":"has-post-thumbnail","6":"product_brand-sonnentor","7":"product_cat-s","8":"pa_packungsgroesse-18-beutel","10":"first","11":"instock","12":"shipping-taxable","13":"purchasable","14":"product-type-simple"},"acf":[],"_links":{"self":[{"href":"https:\/\/www.ernstbrunn-apotheke.at\/katalog\/wp-json\/wp\/v2\/product\/133399","targetHints":{"allow":["GET"]}}],"collection":[{"href":"https:\/\/www.ernstbrunn-apotheke.at\/katalog\/wp-json\/wp\/v2\/product"}],"about":[{"href":"https:\/\/www.ernstbrunn-apotheke.at\/katalog\/wp-json\/wp\/v2\/types\/product"}],"wp:featuredmedia":[{"embeddable":true,"href":"https:\/\/www.ernstbrunn-apotheke.at\/katalog\/wp-json\/wp\/v2\/media\/133407"}],"wp:attachment":[{"href":"https:\/\/www.ernstbrunn-apotheke.at\/katalog\/wp-json\/wp\/v2\/media?parent=133399"}],"wp:term":[{"taxonomy":"product_brand","embeddable":true,"href":"https:\/\/www.ernstbrunn-apotheke.at\/katalog\/wp-json\/wp\/v2\/product_brand?post=133399"},{"taxonomy":"product_cat","embeddable":true,"href":"https:\/\/www.ernstbrunn-apotheke.at\/katalog\/wp-json\/wp\/v2\/product_cat?post=133399"},{"taxonomy":"product_tag","embeddable":true,"href":"https:\/\/www.ernstbrunn-apotheke.at\/katalog\/wp-json\/wp\/v2\/product_tag?post=133399"}],"curies":[{"name":"wp","href":"https:\/\/api.w.org\/{rel}","templated":true}]}}