{"id":133243,"date":"2025-11-14T14:56:42","date_gmt":"2025-11-14T13:56:42","guid":{"rendered":"https:\/\/www.ernstbrunn-apotheke.at\/katalog\/produkt\/sonnentor-nelken-ganz-35-g-bio\/"},"modified":"2025-12-09T10:19:07","modified_gmt":"2025-12-09T09:19:07","slug":"sonnentor-nelken-ganz-35-g-bio","status":"publish","type":"product","link":"https:\/\/www.ernstbrunn-apotheke.at\/katalog\/produkt\/sonnentor-nelken-ganz-35-g-bio\/","title":{"rendered":"Sonnentor Nelken ganz 35 g BIO"},"content":{"rendered":"<p>Die Sonnentor Nelken ganz in der 35 g Packung sind sehr aromatisch und fruchtig-scharf im Geschmack, mit einer intensiven Pfeffernote. Vor allem wegen Kompotten, Punsch oder Gl\u00fchwein d\u00fcrfen Nelken in keinem Gew\u00fcrzregal fehlen. Aber auch Wildbret, Lamm und fettreiche Fische profitieren enorm von der pfeffrigen W\u00fcrze der Nelke.<\/p>\n","protected":false},"excerpt":{"rendered":"<p>Die Sonnentor Nelken ganz in der 35 g Packung sind sehr aromatisch und fruchtig-scharf im Geschmack, mit einer intensiven Pfeffernote. Vor allem wegen Kompotten, Punsch oder Gl\u00fchwein d\u00fcrfen Nelken in keinem Gew\u00fcrzregal fehlen. Aber auch Wildbret, Lamm und fettreiche Fische profitieren enorm von der pfeffrigen W\u00fcrze der Nelke.<\/p>\n","protected":false},"featured_media":133245,"template":"","meta":{"_acf_changed":false},"product_brand":[925],"product_cat":[791],"product_tag":[],"class_list":{"0":"post-133243","1":"product","2":"type-product","3":"status-publish","4":"has-post-thumbnail","6":"product_brand-sonnentor","7":"product_cat-s","8":"pa_packungsgroesse-35g","10":"first","11":"instock","12":"shipping-taxable","13":"purchasable","14":"product-type-simple"},"acf":[],"_links":{"self":[{"href":"https:\/\/www.ernstbrunn-apotheke.at\/katalog\/wp-json\/wp\/v2\/product\/133243","targetHints":{"allow":["GET"]}}],"collection":[{"href":"https:\/\/www.ernstbrunn-apotheke.at\/katalog\/wp-json\/wp\/v2\/product"}],"about":[{"href":"https:\/\/www.ernstbrunn-apotheke.at\/katalog\/wp-json\/wp\/v2\/types\/product"}],"wp:featuredmedia":[{"embeddable":true,"href":"https:\/\/www.ernstbrunn-apotheke.at\/katalog\/wp-json\/wp\/v2\/media\/133245"}],"wp:attachment":[{"href":"https:\/\/www.ernstbrunn-apotheke.at\/katalog\/wp-json\/wp\/v2\/media?parent=133243"}],"wp:term":[{"taxonomy":"product_brand","embeddable":true,"href":"https:\/\/www.ernstbrunn-apotheke.at\/katalog\/wp-json\/wp\/v2\/product_brand?post=133243"},{"taxonomy":"product_cat","embeddable":true,"href":"https:\/\/www.ernstbrunn-apotheke.at\/katalog\/wp-json\/wp\/v2\/product_cat?post=133243"},{"taxonomy":"product_tag","embeddable":true,"href":"https:\/\/www.ernstbrunn-apotheke.at\/katalog\/wp-json\/wp\/v2\/product_tag?post=133243"}],"curies":[{"name":"wp","href":"https:\/\/api.w.org\/{rel}","templated":true}]}}