{"id":133233,"date":"2025-11-14T14:56:42","date_gmt":"2025-11-14T13:56:42","guid":{"rendered":"https:\/\/www.ernstbrunn-apotheke.at\/katalog\/produkt\/sonnentor-muskatnuss-gemahlen-30-g-bio\/"},"modified":"2025-12-09T10:19:05","modified_gmt":"2025-12-09T09:19:05","slug":"sonnentor-muskatnuss-gemahlen-30-g-bio","status":"publish","type":"product","link":"https:\/\/www.ernstbrunn-apotheke.at\/katalog\/produkt\/sonnentor-muskatnuss-gemahlen-30-g-bio\/","title":{"rendered":"Sonnentor Muskatnuss gemahlen 30 g BIO"},"content":{"rendered":"<p>Sonnentor Muskat gemahlen im 30 g P\u00e4ckchen passt durch eine leicht bittere, aber s\u00fc\u00dfliche und harzige Note wunderbar zu Kartoffel- und Gem\u00fcsegerichten, Faschiertem und Gefl\u00fcgelragout. Die feine W\u00fcrze der Muskatnuss, die eigentlich gar keine Nuss, sondern der Kern pfirsich\u00e4hnlicher Fr\u00fcchte ist, ist aus der orientalischen K\u00fcche nicht wegzudenken, aber auch in der europ\u00e4ischen K\u00fcche unverzichtbar geworden.<\/p>\n","protected":false},"excerpt":{"rendered":"<p>Sonnentor Muskat gemahlen im 30 g P\u00e4ckchen passt durch eine leicht bittere, aber s\u00fc\u00dfliche und harzige Note wunderbar zu Kartoffel- und Gem\u00fcsegerichten, Faschiertem und Gefl\u00fcgelragout. Die feine W\u00fcrze der Muskatnuss, die eigentlich gar keine Nuss, sondern der Kern pfirsich\u00e4hnlicher Fr\u00fcchte ist, ist aus der orientalischen K\u00fcche nicht wegzudenken, aber auch in der europ\u00e4ischen K\u00fcche unverzichtbar [&hellip;]<\/p>\n","protected":false},"featured_media":133235,"template":"","meta":{"_acf_changed":false},"product_brand":[925],"product_cat":[791],"product_tag":[],"class_list":{"0":"post-133233","1":"product","2":"type-product","3":"status-publish","4":"has-post-thumbnail","6":"product_brand-sonnentor","7":"product_cat-s","8":"pa_packungsgroesse-30g","10":"first","11":"instock","12":"shipping-taxable","13":"purchasable","14":"product-type-simple"},"acf":[],"_links":{"self":[{"href":"https:\/\/www.ernstbrunn-apotheke.at\/katalog\/wp-json\/wp\/v2\/product\/133233","targetHints":{"allow":["GET"]}}],"collection":[{"href":"https:\/\/www.ernstbrunn-apotheke.at\/katalog\/wp-json\/wp\/v2\/product"}],"about":[{"href":"https:\/\/www.ernstbrunn-apotheke.at\/katalog\/wp-json\/wp\/v2\/types\/product"}],"wp:featuredmedia":[{"embeddable":true,"href":"https:\/\/www.ernstbrunn-apotheke.at\/katalog\/wp-json\/wp\/v2\/media\/133235"}],"wp:attachment":[{"href":"https:\/\/www.ernstbrunn-apotheke.at\/katalog\/wp-json\/wp\/v2\/media?parent=133233"}],"wp:term":[{"taxonomy":"product_brand","embeddable":true,"href":"https:\/\/www.ernstbrunn-apotheke.at\/katalog\/wp-json\/wp\/v2\/product_brand?post=133233"},{"taxonomy":"product_cat","embeddable":true,"href":"https:\/\/www.ernstbrunn-apotheke.at\/katalog\/wp-json\/wp\/v2\/product_cat?post=133233"},{"taxonomy":"product_tag","embeddable":true,"href":"https:\/\/www.ernstbrunn-apotheke.at\/katalog\/wp-json\/wp\/v2\/product_tag?post=133233"}],"curies":[{"name":"wp","href":"https:\/\/api.w.org\/{rel}","templated":true}]}}