{"id":133063,"date":"2025-11-14T14:53:17","date_gmt":"2025-11-14T13:53:17","guid":{"rendered":"https:\/\/www.ernstbrunn-apotheke.at\/katalog\/produkt\/sonnentor-steak-that-grillgewuerz-packung-50-g-bio\/"},"modified":"2025-12-09T10:18:51","modified_gmt":"2025-12-09T09:18:51","slug":"sonnentor-steak-that-grillgewuerz-packung-50-g-bio","status":"publish","type":"product","link":"https:\/\/www.ernstbrunn-apotheke.at\/katalog\/produkt\/sonnentor-steak-that-grillgewuerz-packung-50-g-bio\/","title":{"rendered":"Sonnentor Steak That Grillgew\u00fcrz Packung 50 g BIO"},"content":{"rendered":"<p>Sonnentor Steak That Grillgew\u00fcrz Packung 50 g begeistert mit Rosmarin und getrockneten Tomaten. Es wird einfach mit \u00d6l vermischt. Vor UND nach dem Grillen das Fleisch mit der Mischung bestreichen und vor dem Genuss kurz rasten lassen \u2013 Spitzengew\u00fcrze von Sonnentor jetzt bestellen!<\/p>\n","protected":false},"excerpt":{"rendered":"<p>Sonnentor Steak That Grillgew\u00fcrz Packung 50 g begeistert mit Rosmarin und getrockneten Tomaten. Es wird einfach mit \u00d6l vermischt. Vor UND nach dem Grillen das Fleisch mit der Mischung bestreichen und vor dem Genuss kurz rasten lassen \u2013 Spitzengew\u00fcrze von Sonnentor jetzt bestellen!<\/p>\n","protected":false},"featured_media":133065,"template":"","meta":{"_acf_changed":false},"product_brand":[925],"product_cat":[791],"product_tag":[],"class_list":{"0":"post-133063","1":"product","2":"type-product","3":"status-publish","4":"has-post-thumbnail","6":"product_brand-sonnentor","7":"product_cat-s","8":"pa_packungsgroesse-50g","10":"first","11":"instock","12":"shipping-taxable","13":"purchasable","14":"product-type-simple"},"acf":[],"_links":{"self":[{"href":"https:\/\/www.ernstbrunn-apotheke.at\/katalog\/wp-json\/wp\/v2\/product\/133063","targetHints":{"allow":["GET"]}}],"collection":[{"href":"https:\/\/www.ernstbrunn-apotheke.at\/katalog\/wp-json\/wp\/v2\/product"}],"about":[{"href":"https:\/\/www.ernstbrunn-apotheke.at\/katalog\/wp-json\/wp\/v2\/types\/product"}],"wp:featuredmedia":[{"embeddable":true,"href":"https:\/\/www.ernstbrunn-apotheke.at\/katalog\/wp-json\/wp\/v2\/media\/133065"}],"wp:attachment":[{"href":"https:\/\/www.ernstbrunn-apotheke.at\/katalog\/wp-json\/wp\/v2\/media?parent=133063"}],"wp:term":[{"taxonomy":"product_brand","embeddable":true,"href":"https:\/\/www.ernstbrunn-apotheke.at\/katalog\/wp-json\/wp\/v2\/product_brand?post=133063"},{"taxonomy":"product_cat","embeddable":true,"href":"https:\/\/www.ernstbrunn-apotheke.at\/katalog\/wp-json\/wp\/v2\/product_cat?post=133063"},{"taxonomy":"product_tag","embeddable":true,"href":"https:\/\/www.ernstbrunn-apotheke.at\/katalog\/wp-json\/wp\/v2\/product_tag?post=133063"}],"curies":[{"name":"wp","href":"https:\/\/api.w.org\/{rel}","templated":true}]}}