{"id":133021,"date":"2025-11-14T14:51:37","date_gmt":"2025-11-14T13:51:37","guid":{"rendered":"https:\/\/www.ernstbrunn-apotheke.at\/katalog\/produkt\/sonnentor-sonnenkuss-gewuerz-blueten-zubereitung-packung-40-g-bio\/"},"modified":"2025-12-09T10:18:47","modified_gmt":"2025-12-09T09:18:47","slug":"sonnentor-sonnenkuss-gewuerz-blueten-zubereitung-packung-40-g-bio","status":"publish","type":"product","link":"https:\/\/www.ernstbrunn-apotheke.at\/katalog\/produkt\/sonnentor-sonnenkuss-gewuerz-blueten-zubereitung-packung-40-g-bio\/","title":{"rendered":"Sonnentor Sonnenkuss Gew\u00fcrz-Bl\u00fcten-Zubereitung Packung 40 g BIO"},"content":{"rendered":"<p>Die Sonnentor Sonnenkuss Gew\u00fcrz-Bl\u00fcten-Zubereitung in der 40 g Packung begeistert all jene, die die fern\u00f6stliche K\u00fcche m\u00f6gen, denn die Komposition bringt einen Hauch von Orient in Ihr Leben. In der Currymischung treffen W\u00fcrziges, S\u00fc\u00dfes und Salziges aufeinander und bilden einen herrlichen Kontrast in Suppen, Kokossuppen, gebratenem Gem\u00fcse, Nudeln und vielem mehr. Die intensive Farbe und der herrliche Duft bezaubern unter Garantie<\/p>\n","protected":false},"excerpt":{"rendered":"<p>Die Sonnentor Sonnenkuss Gew\u00fcrz-Bl\u00fcten-Zubereitung in der 40 g Packung begeistert all jene, die die fern\u00f6stliche K\u00fcche m\u00f6gen, denn die Komposition bringt einen Hauch von Orient in Ihr Leben. In der Currymischung treffen W\u00fcrziges, S\u00fc\u00dfes und Salziges aufeinander und bilden einen herrlichen Kontrast in Suppen, Kokossuppen, gebratenem Gem\u00fcse, Nudeln und vielem mehr. Die intensive Farbe und [&hellip;]<\/p>\n","protected":false},"featured_media":133023,"template":"","meta":{"_acf_changed":false},"product_brand":[925],"product_cat":[791],"product_tag":[],"class_list":{"0":"post-133021","1":"product","2":"type-product","3":"status-publish","4":"has-post-thumbnail","6":"product_brand-sonnentor","7":"product_cat-s","8":"pa_packungsgroesse-40g","10":"first","11":"instock","12":"shipping-taxable","13":"purchasable","14":"product-type-simple"},"acf":[],"_links":{"self":[{"href":"https:\/\/www.ernstbrunn-apotheke.at\/katalog\/wp-json\/wp\/v2\/product\/133021","targetHints":{"allow":["GET"]}}],"collection":[{"href":"https:\/\/www.ernstbrunn-apotheke.at\/katalog\/wp-json\/wp\/v2\/product"}],"about":[{"href":"https:\/\/www.ernstbrunn-apotheke.at\/katalog\/wp-json\/wp\/v2\/types\/product"}],"wp:featuredmedia":[{"embeddable":true,"href":"https:\/\/www.ernstbrunn-apotheke.at\/katalog\/wp-json\/wp\/v2\/media\/133023"}],"wp:attachment":[{"href":"https:\/\/www.ernstbrunn-apotheke.at\/katalog\/wp-json\/wp\/v2\/media?parent=133021"}],"wp:term":[{"taxonomy":"product_brand","embeddable":true,"href":"https:\/\/www.ernstbrunn-apotheke.at\/katalog\/wp-json\/wp\/v2\/product_brand?post=133021"},{"taxonomy":"product_cat","embeddable":true,"href":"https:\/\/www.ernstbrunn-apotheke.at\/katalog\/wp-json\/wp\/v2\/product_cat?post=133021"},{"taxonomy":"product_tag","embeddable":true,"href":"https:\/\/www.ernstbrunn-apotheke.at\/katalog\/wp-json\/wp\/v2\/product_tag?post=133021"}],"curies":[{"name":"wp","href":"https:\/\/api.w.org\/{rel}","templated":true}]}}