{"id":132931,"date":"2025-11-14T14:50:12","date_gmt":"2025-11-14T13:50:12","guid":{"rendered":"https:\/\/www.ernstbrunn-apotheke.at\/katalog\/produkt\/sonnentor-gemuese-suppenwuerfel-hildegard-6-stk-bio\/"},"modified":"2025-12-09T10:18:40","modified_gmt":"2025-12-09T09:18:40","slug":"sonnentor-gemuese-suppenwuerfel-hildegard-6-stk-bio","status":"publish","type":"product","link":"https:\/\/www.ernstbrunn-apotheke.at\/katalog\/produkt\/sonnentor-gemuese-suppenwuerfel-hildegard-6-stk-bio\/","title":{"rendered":"Sonnentor Gem\u00fcse Suppenw\u00fcrfel Hildegard 6 Stk. BIO"},"content":{"rendered":"<p>Die Sonnentor Gem\u00fcse Suppenw\u00fcrfel Hildegard 6 Stk. verfeinern nicht nur herzhafte Gem\u00fcsesuppen, die veganen Suppenw\u00fcrfel eignen sich auch wunderbar zum W\u00fcrzen und Verfeinern von pikanten Gerichten aller Art<\/p>\n","protected":false},"excerpt":{"rendered":"<p>Die Sonnentor Gem\u00fcse Suppenw\u00fcrfel Hildegard 6 Stk. verfeinern nicht nur herzhafte Gem\u00fcsesuppen, die veganen Suppenw\u00fcrfel eignen sich auch wunderbar zum W\u00fcrzen und Verfeinern von pikanten Gerichten aller Art<\/p>\n","protected":false},"featured_media":132933,"template":"","meta":{"_acf_changed":false},"product_brand":[925],"product_cat":[791],"product_tag":[],"class_list":{"0":"post-132931","1":"product","2":"type-product","3":"status-publish","4":"has-post-thumbnail","6":"product_brand-sonnentor","7":"product_cat-s","8":"pa_packungsgroesse-6-stueck","10":"first","11":"instock","12":"shipping-taxable","13":"purchasable","14":"product-type-simple"},"acf":[],"_links":{"self":[{"href":"https:\/\/www.ernstbrunn-apotheke.at\/katalog\/wp-json\/wp\/v2\/product\/132931","targetHints":{"allow":["GET"]}}],"collection":[{"href":"https:\/\/www.ernstbrunn-apotheke.at\/katalog\/wp-json\/wp\/v2\/product"}],"about":[{"href":"https:\/\/www.ernstbrunn-apotheke.at\/katalog\/wp-json\/wp\/v2\/types\/product"}],"wp:featuredmedia":[{"embeddable":true,"href":"https:\/\/www.ernstbrunn-apotheke.at\/katalog\/wp-json\/wp\/v2\/media\/132933"}],"wp:attachment":[{"href":"https:\/\/www.ernstbrunn-apotheke.at\/katalog\/wp-json\/wp\/v2\/media?parent=132931"}],"wp:term":[{"taxonomy":"product_brand","embeddable":true,"href":"https:\/\/www.ernstbrunn-apotheke.at\/katalog\/wp-json\/wp\/v2\/product_brand?post=132931"},{"taxonomy":"product_cat","embeddable":true,"href":"https:\/\/www.ernstbrunn-apotheke.at\/katalog\/wp-json\/wp\/v2\/product_cat?post=132931"},{"taxonomy":"product_tag","embeddable":true,"href":"https:\/\/www.ernstbrunn-apotheke.at\/katalog\/wp-json\/wp\/v2\/product_tag?post=132931"}],"curies":[{"name":"wp","href":"https:\/\/api.w.org\/{rel}","templated":true}]}}