{"id":132888,"date":"2025-11-14T14:41:34","date_gmt":"2025-11-14T13:41:34","guid":{"rendered":"https:\/\/www.ernstbrunn-apotheke.at\/katalog\/produkt\/sonnentor-chili-gemahlen-40g-bio\/"},"modified":"2025-12-09T10:18:37","modified_gmt":"2025-12-09T09:18:37","slug":"sonnentor-chili-gemahlen-40g-bio","status":"publish","type":"product","link":"https:\/\/www.ernstbrunn-apotheke.at\/katalog\/produkt\/sonnentor-chili-gemahlen-40g-bio\/","title":{"rendered":"Sonnentor Chili gemahlen 40g BIO"},"content":{"rendered":"<p>Sonnentor Chili gemahlen in der 40 g Packung begeistert all jene, die mit Ihrer Liebe zu scharfem Essen oftmals die Grenze zwischen Genuss und Schmerz \u00fcberschreiten. Der fruchtige Duft der Bio Chilischoten zeichnet ein harmloses Bild, jedoch bewegen sich die Sch\u00e4rfegrade in einem Bereich von 6 bis 10 feurigen Punkten (genauere Informationen zum Sch\u00e4rfegrad sind auf der Verpackung angegeben). Darf&#8217;s noch ein bisschen sch\u00e4rfer sein? Sonnentor Chili feuerscharf gemahlen in der 40 g Packung \u00fcberzeugt auch die Hartgesottenen.<\/p>\n","protected":false},"excerpt":{"rendered":"<p>Sonnentor Chili gemahlen in der 40 g Packung begeistert all jene, die mit Ihrer Liebe zu scharfem Essen oftmals die Grenze zwischen Genuss und Schmerz \u00fcberschreiten. Der fruchtige Duft der Bio Chilischoten zeichnet ein harmloses Bild, jedoch bewegen sich die Sch\u00e4rfegrade in einem Bereich von 6 bis 10 feurigen Punkten (genauere Informationen zum Sch\u00e4rfegrad sind [&hellip;]<\/p>\n","protected":false},"featured_media":132890,"template":"","meta":{"_acf_changed":false},"product_brand":[925],"product_cat":[791],"product_tag":[],"class_list":{"0":"post-132888","1":"product","2":"type-product","3":"status-publish","4":"has-post-thumbnail","6":"product_brand-sonnentor","7":"product_cat-s","8":"pa_packungsgroesse-40g","10":"first","11":"instock","12":"shipping-taxable","13":"purchasable","14":"product-type-simple"},"acf":[],"_links":{"self":[{"href":"https:\/\/www.ernstbrunn-apotheke.at\/katalog\/wp-json\/wp\/v2\/product\/132888","targetHints":{"allow":["GET"]}}],"collection":[{"href":"https:\/\/www.ernstbrunn-apotheke.at\/katalog\/wp-json\/wp\/v2\/product"}],"about":[{"href":"https:\/\/www.ernstbrunn-apotheke.at\/katalog\/wp-json\/wp\/v2\/types\/product"}],"wp:featuredmedia":[{"embeddable":true,"href":"https:\/\/www.ernstbrunn-apotheke.at\/katalog\/wp-json\/wp\/v2\/media\/132890"}],"wp:attachment":[{"href":"https:\/\/www.ernstbrunn-apotheke.at\/katalog\/wp-json\/wp\/v2\/media?parent=132888"}],"wp:term":[{"taxonomy":"product_brand","embeddable":true,"href":"https:\/\/www.ernstbrunn-apotheke.at\/katalog\/wp-json\/wp\/v2\/product_brand?post=132888"},{"taxonomy":"product_cat","embeddable":true,"href":"https:\/\/www.ernstbrunn-apotheke.at\/katalog\/wp-json\/wp\/v2\/product_cat?post=132888"},{"taxonomy":"product_tag","embeddable":true,"href":"https:\/\/www.ernstbrunn-apotheke.at\/katalog\/wp-json\/wp\/v2\/product_tag?post=132888"}],"curies":[{"name":"wp","href":"https:\/\/api.w.org\/{rel}","templated":true}]}}