{"id":132677,"date":"2025-11-14T14:38:14","date_gmt":"2025-11-14T13:38:14","guid":{"rendered":"https:\/\/www.ernstbrunn-apotheke.at\/katalog\/produkt\/share-original-pflaume-500g\/"},"modified":"2025-12-09T10:18:17","modified_gmt":"2025-12-09T09:18:17","slug":"share-original-pflaume-500g","status":"publish","type":"product","link":"https:\/\/www.ernstbrunn-apotheke.at\/katalog\/produkt\/share-original-pflaume-500g\/","title":{"rendered":"SHARE Original Pflaume 500g"},"content":{"rendered":"<p>SHARE Original\u00ae Pflaume 500 g ist eine nat\u00fcrliche Frucht, mit essentiellen Kr\u00e4utern ummantelt und selbstverst\u00e4ndlich ohne Konservierungsstoffe. Sie ist zurzeit das modernste und innovativste Entgiftungsfr\u00fcchtchen der Welt und kann von jeder Altersgruppe verzehrt werden.Das Sch\u00f6ne ist: die Pflaume schmeckt au\u00dferordentlich lecker.Verwende die kleine, s\u00fc\u00df s\u00e4uerlich schmeckende fermentierte Original-Frucht als einen gesunden Snack f\u00fcr zwischendurch oder als fruchtig s\u00fc\u00dfe Nachspeise. Sie ist perfekt geeignet f\u00fcr unterwegs und auf Reisen. Gerade in unserer hektischen Zeit ist die SHARE-Pflaume ein kleiner Beitrag f\u00fcr dein Wohlbefinden.Klein &#8230; s\u00fc\u00df &#8230; fruchtig &#8230; trendig &#8230; SHARE.<\/p>\n","protected":false},"excerpt":{"rendered":"<p>SHARE Original\u00ae Pflaume 500 g ist eine nat\u00fcrliche Frucht, mit essentiellen Kr\u00e4utern ummantelt und selbstverst\u00e4ndlich ohne Konservierungsstoffe. Sie ist zurzeit das modernste und innovativste Entgiftungsfr\u00fcchtchen der Welt und kann von jeder Altersgruppe verzehrt werden.Das Sch\u00f6ne ist: die Pflaume schmeckt au\u00dferordentlich lecker.Verwende die kleine, s\u00fc\u00df s\u00e4uerlich schmeckende fermentierte Original-Frucht als einen gesunden Snack f\u00fcr zwischendurch oder [&hellip;]<\/p>\n","protected":false},"featured_media":132679,"template":"","meta":{"_acf_changed":false},"product_brand":[],"product_cat":[791],"product_tag":[],"class_list":{"0":"post-132677","1":"product","2":"type-product","3":"status-publish","4":"has-post-thumbnail","6":"product_cat-s","7":"pa_packungsgroesse-500g","9":"first","10":"instock","11":"shipping-taxable","12":"purchasable","13":"product-type-simple"},"acf":[],"_links":{"self":[{"href":"https:\/\/www.ernstbrunn-apotheke.at\/katalog\/wp-json\/wp\/v2\/product\/132677","targetHints":{"allow":["GET"]}}],"collection":[{"href":"https:\/\/www.ernstbrunn-apotheke.at\/katalog\/wp-json\/wp\/v2\/product"}],"about":[{"href":"https:\/\/www.ernstbrunn-apotheke.at\/katalog\/wp-json\/wp\/v2\/types\/product"}],"wp:featuredmedia":[{"embeddable":true,"href":"https:\/\/www.ernstbrunn-apotheke.at\/katalog\/wp-json\/wp\/v2\/media\/132679"}],"wp:attachment":[{"href":"https:\/\/www.ernstbrunn-apotheke.at\/katalog\/wp-json\/wp\/v2\/media?parent=132677"}],"wp:term":[{"taxonomy":"product_brand","embeddable":true,"href":"https:\/\/www.ernstbrunn-apotheke.at\/katalog\/wp-json\/wp\/v2\/product_brand?post=132677"},{"taxonomy":"product_cat","embeddable":true,"href":"https:\/\/www.ernstbrunn-apotheke.at\/katalog\/wp-json\/wp\/v2\/product_cat?post=132677"},{"taxonomy":"product_tag","embeddable":true,"href":"https:\/\/www.ernstbrunn-apotheke.at\/katalog\/wp-json\/wp\/v2\/product_tag?post=132677"}],"curies":[{"name":"wp","href":"https:\/\/api.w.org\/{rel}","templated":true}]}}