{"id":13254,"date":"2025-11-07T15:04:12","date_gmt":"2025-11-07T14:04:12","guid":{"rendered":"https:\/\/www.ernstbrunn-apotheke.at\/katalog\/produkt\/arthrosamin-gelenkkapseln-canea\/"},"modified":"2025-12-08T13:34:59","modified_gmt":"2025-12-08T12:34:59","slug":"arthrosamin-gelenkkapseln-canea","status":"publish","type":"product","link":"https:\/\/www.ernstbrunn-apotheke.at\/katalog\/produkt\/arthrosamin-gelenkkapseln-canea\/","title":{"rendered":"Arthrosamin Gelenkkapseln Canea"},"content":{"rendered":"<p>hierbei k\u00f6nnen Arthrosamin Kapseln die Nahrung sinnvoll erg\u00e4nzen \u0096 jetzt bestellen und 3 Tagesportionen Orthomol arthroplus gratis erhalten! Arthrosamin Gelenk-Kapseln sind ein Nahrungserg\u00e4nzungsmittel mit den Vitalstoffen Glucosaminsulfat und Chondroitinsulfat, welche f\u00fcr den Erhalt funktionsf\u00e4higer Gelenkknorpel unentbehrlich sind. Auf eine gesunde Balance zwischen N\u00e4hrstoffzufuhr und k\u00f6rperlichem Bedarf ist im fortschreitenden Alter zunehmend zu achten  hierbei k\u00f6nnen Arthrosamin Kapseln die Nahrung sinnvoll erg\u00e4nzen.<\/p>\n","protected":false},"excerpt":{"rendered":"<p>hierbei k\u00f6nnen Arthrosamin Kapseln die Nahrung sinnvoll erg\u00e4nzen \u0096 jetzt bestellen und 3 Tagesportionen Orthomol arthroplus gratis erhalten! Arthrosamin Gelenk-Kapseln sind ein Nahrungserg\u00e4nzungsmittel mit den Vitalstoffen Glucosaminsulfat und Chondroitinsulfat, welche f\u00fcr den Erhalt funktionsf\u00e4higer Gelenkknorpel unentbehrlich sind. Auf eine gesunde Balance zwischen N\u00e4hrstoffzufuhr und k\u00f6rperlichem Bedarf ist im fortschreitenden Alter zunehmend zu achten hierbei k\u00f6nnen [&hellip;]<\/p>\n","protected":false},"featured_media":13256,"template":"","meta":{"_acf_changed":false},"product_brand":[],"product_cat":[801],"product_tag":[],"class_list":{"0":"post-13254","1":"product","2":"type-product","3":"status-publish","4":"has-post-thumbnail","6":"product_cat-a","7":"pa_packungsgroesse-270-stueck","8":"pa_packungsgroesse-90-stueck","10":"first","11":"instock","12":"shipping-taxable","13":"purchasable","14":"product-type-simple"},"acf":[],"_links":{"self":[{"href":"https:\/\/www.ernstbrunn-apotheke.at\/katalog\/wp-json\/wp\/v2\/product\/13254","targetHints":{"allow":["GET"]}}],"collection":[{"href":"https:\/\/www.ernstbrunn-apotheke.at\/katalog\/wp-json\/wp\/v2\/product"}],"about":[{"href":"https:\/\/www.ernstbrunn-apotheke.at\/katalog\/wp-json\/wp\/v2\/types\/product"}],"wp:featuredmedia":[{"embeddable":true,"href":"https:\/\/www.ernstbrunn-apotheke.at\/katalog\/wp-json\/wp\/v2\/media\/13256"}],"wp:attachment":[{"href":"https:\/\/www.ernstbrunn-apotheke.at\/katalog\/wp-json\/wp\/v2\/media?parent=13254"}],"wp:term":[{"taxonomy":"product_brand","embeddable":true,"href":"https:\/\/www.ernstbrunn-apotheke.at\/katalog\/wp-json\/wp\/v2\/product_brand?post=13254"},{"taxonomy":"product_cat","embeddable":true,"href":"https:\/\/www.ernstbrunn-apotheke.at\/katalog\/wp-json\/wp\/v2\/product_cat?post=13254"},{"taxonomy":"product_tag","embeddable":true,"href":"https:\/\/www.ernstbrunn-apotheke.at\/katalog\/wp-json\/wp\/v2\/product_tag?post=13254"}],"curies":[{"name":"wp","href":"https:\/\/api.w.org\/{rel}","templated":true}]}}