{"id":13244,"date":"2025-11-07T15:04:12","date_gmt":"2025-11-07T14:04:12","guid":{"rendered":"https:\/\/www.ernstbrunn-apotheke.at\/katalog\/produkt\/amitamin-arthro-360-kapseln-120-stk\/"},"modified":"2025-12-08T13:34:58","modified_gmt":"2025-12-08T12:34:58","slug":"amitamin-arthro-360-kapseln-120-stk","status":"publish","type":"product","link":"https:\/\/www.ernstbrunn-apotheke.at\/katalog\/produkt\/amitamin-arthro-360-kapseln-120-stk\/","title":{"rendered":"Amitamin Arthro 360 Kapseln 120 Stk."},"content":{"rendered":"<p>Amitamin Arthro 360 Kapseln verbinden insgesamt 15 N\u00e4hrstoffe, die f\u00fcr Ihre Gelenke, also Knorpel, Knochen und Bindegewebe, wichtig sind. Die in diesen Kapseln enthaltenen Stoffe unterst\u00fctzen die normale Knorpelfunktion und tragen zur Erhaltung normaler Knochen und zur normalen Bindegewebsbildung bei. Au\u00dferdem sch\u00fctzen die Wirkstoffe vor oxidativem Stress, auch in den Knochen.<\/p>\n","protected":false},"excerpt":{"rendered":"<p>Amitamin Arthro 360 Kapseln verbinden insgesamt 15 N\u00e4hrstoffe, die f\u00fcr Ihre Gelenke, also Knorpel, Knochen und Bindegewebe, wichtig sind. Die in diesen Kapseln enthaltenen Stoffe unterst\u00fctzen die normale Knorpelfunktion und tragen zur Erhaltung normaler Knochen und zur normalen Bindegewebsbildung bei. Au\u00dferdem sch\u00fctzen die Wirkstoffe vor oxidativem Stress, auch in den Knochen.<\/p>\n","protected":false},"featured_media":13246,"template":"","meta":{"_acf_changed":false},"product_brand":[],"product_cat":[801],"product_tag":[],"class_list":{"0":"post-13244","1":"product","2":"type-product","3":"status-publish","4":"has-post-thumbnail","6":"product_cat-a","7":"pa_packungsgroesse-120-stueck","9":"first","10":"instock","11":"shipping-taxable","12":"purchasable","13":"product-type-simple"},"acf":[],"_links":{"self":[{"href":"https:\/\/www.ernstbrunn-apotheke.at\/katalog\/wp-json\/wp\/v2\/product\/13244","targetHints":{"allow":["GET"]}}],"collection":[{"href":"https:\/\/www.ernstbrunn-apotheke.at\/katalog\/wp-json\/wp\/v2\/product"}],"about":[{"href":"https:\/\/www.ernstbrunn-apotheke.at\/katalog\/wp-json\/wp\/v2\/types\/product"}],"wp:featuredmedia":[{"embeddable":true,"href":"https:\/\/www.ernstbrunn-apotheke.at\/katalog\/wp-json\/wp\/v2\/media\/13246"}],"wp:attachment":[{"href":"https:\/\/www.ernstbrunn-apotheke.at\/katalog\/wp-json\/wp\/v2\/media?parent=13244"}],"wp:term":[{"taxonomy":"product_brand","embeddable":true,"href":"https:\/\/www.ernstbrunn-apotheke.at\/katalog\/wp-json\/wp\/v2\/product_brand?post=13244"},{"taxonomy":"product_cat","embeddable":true,"href":"https:\/\/www.ernstbrunn-apotheke.at\/katalog\/wp-json\/wp\/v2\/product_cat?post=13244"},{"taxonomy":"product_tag","embeddable":true,"href":"https:\/\/www.ernstbrunn-apotheke.at\/katalog\/wp-json\/wp\/v2\/product_tag?post=13244"}],"curies":[{"name":"wp","href":"https:\/\/api.w.org\/{rel}","templated":true}]}}