{"id":132257,"date":"2025-11-14T14:33:34","date_gmt":"2025-11-14T13:33:34","guid":{"rendered":"https:\/\/www.ernstbrunn-apotheke.at\/katalog\/produkt\/schaer-teigwaren-pipe-500-g\/"},"modified":"2025-12-09T10:17:06","modified_gmt":"2025-12-09T09:17:06","slug":"schaer-teigwaren-pipe-500-g","status":"publish","type":"product","link":"https:\/\/www.ernstbrunn-apotheke.at\/katalog\/produkt\/schaer-teigwaren-pipe-500-g\/","title":{"rendered":"Sch\u00e4r Teigwaren Pipe 500 g"},"content":{"rendered":"<p>Das Unternehmen Dr. Sch\u00e4r hat sich zu einem Lebensmittelspezialist f\u00fcr besondere di\u00e4tetische Ern\u00e4hrungsbed\u00fcrfnisse entwickelt. Genussvolle Produkte mit wertvollen Zutaten sichern die Lebensfreude der Konsumenten und eine ausgewogene Ern\u00e4hrung. Dabei steht Sch\u00e4r als Garant f\u00fcr maximale Sicherheit hinsichtlich der di\u00e4tetischen Anforderungen der Produkte.<\/p>\n","protected":false},"excerpt":{"rendered":"<p>Das Unternehmen Dr. Sch\u00e4r hat sich zu einem Lebensmittelspezialist f\u00fcr besondere di\u00e4tetische Ern\u00e4hrungsbed\u00fcrfnisse entwickelt. Genussvolle Produkte mit wertvollen Zutaten sichern die Lebensfreude der Konsumenten und eine ausgewogene Ern\u00e4hrung. Dabei steht Sch\u00e4r als Garant f\u00fcr maximale Sicherheit hinsichtlich der di\u00e4tetischen Anforderungen der Produkte.<\/p>\n","protected":false},"featured_media":0,"template":"","meta":{"_acf_changed":false},"product_brand":[],"product_cat":[791],"product_tag":[],"class_list":{"0":"post-132257","1":"product","2":"type-product","3":"status-publish","5":"product_cat-s","6":"pa_packungsgroesse-500g","8":"first","9":"instock","10":"shipping-taxable","11":"purchasable","12":"product-type-simple"},"acf":[],"_links":{"self":[{"href":"https:\/\/www.ernstbrunn-apotheke.at\/katalog\/wp-json\/wp\/v2\/product\/132257","targetHints":{"allow":["GET"]}}],"collection":[{"href":"https:\/\/www.ernstbrunn-apotheke.at\/katalog\/wp-json\/wp\/v2\/product"}],"about":[{"href":"https:\/\/www.ernstbrunn-apotheke.at\/katalog\/wp-json\/wp\/v2\/types\/product"}],"wp:attachment":[{"href":"https:\/\/www.ernstbrunn-apotheke.at\/katalog\/wp-json\/wp\/v2\/media?parent=132257"}],"wp:term":[{"taxonomy":"product_brand","embeddable":true,"href":"https:\/\/www.ernstbrunn-apotheke.at\/katalog\/wp-json\/wp\/v2\/product_brand?post=132257"},{"taxonomy":"product_cat","embeddable":true,"href":"https:\/\/www.ernstbrunn-apotheke.at\/katalog\/wp-json\/wp\/v2\/product_cat?post=132257"},{"taxonomy":"product_tag","embeddable":true,"href":"https:\/\/www.ernstbrunn-apotheke.at\/katalog\/wp-json\/wp\/v2\/product_tag?post=132257"}],"curies":[{"name":"wp","href":"https:\/\/api.w.org\/{rel}","templated":true}]}}