{"id":132205,"date":"2025-11-14T14:32:06","date_gmt":"2025-11-14T13:32:06","guid":{"rendered":"https:\/\/www.ernstbrunn-apotheke.at\/katalog\/produkt\/sante-vitamin-b12-75-ml\/"},"modified":"2025-12-09T10:16:52","modified_gmt":"2025-12-09T09:16:52","slug":"sante-vitamin-b12-75-ml","status":"publish","type":"product","link":"https:\/\/www.ernstbrunn-apotheke.at\/katalog\/produkt\/sante-vitamin-b12-75-ml\/","title":{"rendered":"Sante Vitamin B12 75 ml"},"content":{"rendered":"<p>Sante Vitamin B12 sch\u00fctzt Ihr Zahnfleisch und wirkt Karies verursachenden Bakterien entgegen. Die feine Textur sorgt daf\u00fcr, dass Ihre Z\u00e4hne sanft gereinigt werden. Die Zahnpasta eignet sich besonders f\u00fcr Veganer, Vegetarier und \u00e4ltere Menschen, welche an einem Mangel an Vitamin B12 leiden.<\/p>\n","protected":false},"excerpt":{"rendered":"<p>Sante Vitamin B12 sch\u00fctzt Ihr Zahnfleisch und wirkt Karies verursachenden Bakterien entgegen. Die feine Textur sorgt daf\u00fcr, dass Ihre Z\u00e4hne sanft gereinigt werden. Die Zahnpasta eignet sich besonders f\u00fcr Veganer, Vegetarier und \u00e4ltere Menschen, welche an einem Mangel an Vitamin B12 leiden.<\/p>\n","protected":false},"featured_media":132207,"template":"","meta":{"_acf_changed":false},"product_brand":[],"product_cat":[791],"product_tag":[],"class_list":{"0":"post-132205","1":"product","2":"type-product","3":"status-publish","4":"has-post-thumbnail","6":"product_cat-s","7":"pa_packungsgroesse-75ml","9":"first","10":"instock","11":"shipping-taxable","12":"purchasable","13":"product-type-simple"},"acf":[],"_links":{"self":[{"href":"https:\/\/www.ernstbrunn-apotheke.at\/katalog\/wp-json\/wp\/v2\/product\/132205","targetHints":{"allow":["GET"]}}],"collection":[{"href":"https:\/\/www.ernstbrunn-apotheke.at\/katalog\/wp-json\/wp\/v2\/product"}],"about":[{"href":"https:\/\/www.ernstbrunn-apotheke.at\/katalog\/wp-json\/wp\/v2\/types\/product"}],"wp:featuredmedia":[{"embeddable":true,"href":"https:\/\/www.ernstbrunn-apotheke.at\/katalog\/wp-json\/wp\/v2\/media\/132207"}],"wp:attachment":[{"href":"https:\/\/www.ernstbrunn-apotheke.at\/katalog\/wp-json\/wp\/v2\/media?parent=132205"}],"wp:term":[{"taxonomy":"product_brand","embeddable":true,"href":"https:\/\/www.ernstbrunn-apotheke.at\/katalog\/wp-json\/wp\/v2\/product_brand?post=132205"},{"taxonomy":"product_cat","embeddable":true,"href":"https:\/\/www.ernstbrunn-apotheke.at\/katalog\/wp-json\/wp\/v2\/product_cat?post=132205"},{"taxonomy":"product_tag","embeddable":true,"href":"https:\/\/www.ernstbrunn-apotheke.at\/katalog\/wp-json\/wp\/v2\/product_tag?post=132205"}],"curies":[{"name":"wp","href":"https:\/\/api.w.org\/{rel}","templated":true}]}}