{"id":131000,"date":"2025-11-13T17:48:52","date_gmt":"2025-11-13T16:48:52","guid":{"rendered":"https:\/\/www.ernstbrunn-apotheke.at\/katalog\/produkt\/gall-pharma-reishi-400-mg-kapseln-180-stk\/"},"modified":"2025-12-09T10:13:19","modified_gmt":"2025-12-09T09:13:19","slug":"gall-pharma-reishi-400-mg-kapseln-180-stk","status":"publish","type":"product","link":"https:\/\/www.ernstbrunn-apotheke.at\/katalog\/produkt\/gall-pharma-reishi-400-mg-kapseln-180-stk\/","title":{"rendered":"Gall Pharma Reishi 400 mg Kapseln 180 Stk."},"content":{"rendered":"<p>Der Gl\u00e4nzende Lackporling (Ganoderma lucidum), Reishi (jap.) oder Ling Zhi (chin.) ist ein Pilz, der vor allem Laubh\u00f6lzer besiedelt. Reishi hat besonders im asiatischen Raum eine lange Tradition als Vitalpilz. Zu den Inhaltstoffen des Reishi Pilzes z\u00e4hlen neben zahlreichen Vitaminen und Spurenelementen in erster Linie eine Vielzahl von Mehrfachzuckern, die sogenannten Polysaccharide. Von besonderem Interesse sind dabei die \u00df-Glucane, die im menschlichen Organismus besonders lange aktiv sind und das Immunsystem positiv beeinflussen k\u00f6nnen. Die Anwesenheit von Vitamin C erh\u00f6ht die Bioverf\u00fcgbarkeit des Reishi Pilzes.<\/p>\n","protected":false},"excerpt":{"rendered":"<p>Der Gl\u00e4nzende Lackporling (Ganoderma lucidum), Reishi (jap.) oder Ling Zhi (chin.) ist ein Pilz, der vor allem Laubh\u00f6lzer besiedelt. Reishi hat besonders im asiatischen Raum eine lange Tradition als Vitalpilz. Zu den Inhaltstoffen des Reishi Pilzes z\u00e4hlen neben zahlreichen Vitaminen und Spurenelementen in erster Linie eine Vielzahl von Mehrfachzuckern, die sogenannten Polysaccharide. Von besonderem Interesse [&hellip;]<\/p>\n","protected":false},"featured_media":131002,"template":"","meta":{"_acf_changed":false},"product_brand":[],"product_cat":[810],"product_tag":[],"class_list":{"0":"post-131000","1":"product","2":"type-product","3":"status-publish","4":"has-post-thumbnail","6":"product_cat-g","7":"pa_packungsgroesse-180-stueck","9":"first","10":"instock","11":"shipping-taxable","12":"purchasable","13":"product-type-simple"},"acf":[],"_links":{"self":[{"href":"https:\/\/www.ernstbrunn-apotheke.at\/katalog\/wp-json\/wp\/v2\/product\/131000","targetHints":{"allow":["GET"]}}],"collection":[{"href":"https:\/\/www.ernstbrunn-apotheke.at\/katalog\/wp-json\/wp\/v2\/product"}],"about":[{"href":"https:\/\/www.ernstbrunn-apotheke.at\/katalog\/wp-json\/wp\/v2\/types\/product"}],"wp:featuredmedia":[{"embeddable":true,"href":"https:\/\/www.ernstbrunn-apotheke.at\/katalog\/wp-json\/wp\/v2\/media\/131002"}],"wp:attachment":[{"href":"https:\/\/www.ernstbrunn-apotheke.at\/katalog\/wp-json\/wp\/v2\/media?parent=131000"}],"wp:term":[{"taxonomy":"product_brand","embeddable":true,"href":"https:\/\/www.ernstbrunn-apotheke.at\/katalog\/wp-json\/wp\/v2\/product_brand?post=131000"},{"taxonomy":"product_cat","embeddable":true,"href":"https:\/\/www.ernstbrunn-apotheke.at\/katalog\/wp-json\/wp\/v2\/product_cat?post=131000"},{"taxonomy":"product_tag","embeddable":true,"href":"https:\/\/www.ernstbrunn-apotheke.at\/katalog\/wp-json\/wp\/v2\/product_tag?post=131000"}],"curies":[{"name":"wp","href":"https:\/\/api.w.org\/{rel}","templated":true}]}}