{"id":130905,"date":"2025-11-13T17:46:52","date_gmt":"2025-11-13T16:46:52","guid":{"rendered":"https:\/\/www.ernstbrunn-apotheke.at\/katalog\/produkt\/refectocil-15-ml-blau-schwarz-nr-2\/"},"modified":"2025-12-09T10:13:01","modified_gmt":"2025-12-09T09:13:01","slug":"refectocil-15-ml-blau-schwarz-nr-2","status":"publish","type":"product","link":"https:\/\/www.ernstbrunn-apotheke.at\/katalog\/produkt\/refectocil-15-ml-blau-schwarz-nr-2\/","title":{"rendered":"Refectocil 15 ml Blau Schwarz Nr. 2"},"content":{"rendered":"<p>Die Marke RefectoCil verfolgte von Beginn an zwei Ziele. F\u00fcr die Verwender \u2013 Hairstylisten, Kosmetiker und Make-Up Artists \u2013  ein vertrauensvoller und leistungsstarker Partner zu sein, der durch Qualit\u00e4t, st\u00e4ndige Innovation und bestm\u00f6glichen Support das F\u00e4rben von Augenbrauen und Wimpern zum Erfolgserlebnis macht. RefectoCil m\u00f6chte dazu beitragen, die KundInnen noch zufriedener zu machen, indem Sie auch ihre Augen perfekt in Szene setzen.<\/p>\n","protected":false},"excerpt":{"rendered":"<p>Die Marke RefectoCil verfolgte von Beginn an zwei Ziele. F\u00fcr die Verwender \u2013 Hairstylisten, Kosmetiker und Make-Up Artists \u2013 ein vertrauensvoller und leistungsstarker Partner zu sein, der durch Qualit\u00e4t, st\u00e4ndige Innovation und bestm\u00f6glichen Support das F\u00e4rben von Augenbrauen und Wimpern zum Erfolgserlebnis macht. RefectoCil m\u00f6chte dazu beitragen, die KundInnen noch zufriedener zu machen, indem Sie [&hellip;]<\/p>\n","protected":false},"featured_media":130907,"template":"","meta":{"_acf_changed":false},"product_brand":[],"product_cat":[808],"product_tag":[],"class_list":{"0":"post-130905","1":"product","2":"type-product","3":"status-publish","4":"has-post-thumbnail","6":"product_cat-r","7":"pa_packungsgroesse-15ml","9":"first","10":"instock","11":"shipping-taxable","12":"purchasable","13":"product-type-simple"},"acf":[],"_links":{"self":[{"href":"https:\/\/www.ernstbrunn-apotheke.at\/katalog\/wp-json\/wp\/v2\/product\/130905","targetHints":{"allow":["GET"]}}],"collection":[{"href":"https:\/\/www.ernstbrunn-apotheke.at\/katalog\/wp-json\/wp\/v2\/product"}],"about":[{"href":"https:\/\/www.ernstbrunn-apotheke.at\/katalog\/wp-json\/wp\/v2\/types\/product"}],"wp:featuredmedia":[{"embeddable":true,"href":"https:\/\/www.ernstbrunn-apotheke.at\/katalog\/wp-json\/wp\/v2\/media\/130907"}],"wp:attachment":[{"href":"https:\/\/www.ernstbrunn-apotheke.at\/katalog\/wp-json\/wp\/v2\/media?parent=130905"}],"wp:term":[{"taxonomy":"product_brand","embeddable":true,"href":"https:\/\/www.ernstbrunn-apotheke.at\/katalog\/wp-json\/wp\/v2\/product_brand?post=130905"},{"taxonomy":"product_cat","embeddable":true,"href":"https:\/\/www.ernstbrunn-apotheke.at\/katalog\/wp-json\/wp\/v2\/product_cat?post=130905"},{"taxonomy":"product_tag","embeddable":true,"href":"https:\/\/www.ernstbrunn-apotheke.at\/katalog\/wp-json\/wp\/v2\/product_tag?post=130905"}],"curies":[{"name":"wp","href":"https:\/\/api.w.org\/{rel}","templated":true}]}}