{"id":13015,"date":"2025-11-07T14:59:35","date_gmt":"2025-11-07T13:59:35","guid":{"rendered":"https:\/\/www.ernstbrunn-apotheke.at\/katalog\/produkt\/arthrodisc-gelenk-und-bandscheiben-kapseln-120-stk\/"},"modified":"2025-12-08T13:34:32","modified_gmt":"2025-12-08T12:34:32","slug":"arthrodisc-gelenk-und-bandscheiben-kapseln-120-stk","status":"publish","type":"product","link":"https:\/\/www.ernstbrunn-apotheke.at\/katalog\/produkt\/arthrodisc-gelenk-und-bandscheiben-kapseln-120-stk\/","title":{"rendered":"Arthrodisc Gelenk- und Bandscheiben-Kapseln 120 Stk."},"content":{"rendered":"<p>Arthrodisc Gelenk- und Bandscheiben-Kapseln enthalten Glucosamin und Chondroitin, die an Aufbau und Reparatur der Knorpel beteiligt sind sowie als N\u00e4hrsubstanz der Gelenkfl\u00fcssigkeit gelten. Sie aktivieren den Knorpelstoffwechsel, sorgen f\u00fcr eine reibungslose Bewegung des Gelenks sowie der Bandscheiben und sch\u00fctzen dadurch den Knorpel vor dem Austrocknen.<\/p>\n","protected":false},"excerpt":{"rendered":"<p>Arthrodisc Gelenk- und Bandscheiben-Kapseln enthalten Glucosamin und Chondroitin, die an Aufbau und Reparatur der Knorpel beteiligt sind sowie als N\u00e4hrsubstanz der Gelenkfl\u00fcssigkeit gelten. Sie aktivieren den Knorpelstoffwechsel, sorgen f\u00fcr eine reibungslose Bewegung des Gelenks sowie der Bandscheiben und sch\u00fctzen dadurch den Knorpel vor dem Austrocknen.<\/p>\n","protected":false},"featured_media":13017,"template":"","meta":{"_acf_changed":false},"product_brand":[],"product_cat":[801],"product_tag":[],"class_list":{"0":"post-13015","1":"product","2":"type-product","3":"status-publish","4":"has-post-thumbnail","6":"product_cat-a","7":"pa_packungsgroesse-120-stueck","9":"first","10":"instock","11":"shipping-taxable","12":"purchasable","13":"product-type-simple"},"acf":[],"_links":{"self":[{"href":"https:\/\/www.ernstbrunn-apotheke.at\/katalog\/wp-json\/wp\/v2\/product\/13015","targetHints":{"allow":["GET"]}}],"collection":[{"href":"https:\/\/www.ernstbrunn-apotheke.at\/katalog\/wp-json\/wp\/v2\/product"}],"about":[{"href":"https:\/\/www.ernstbrunn-apotheke.at\/katalog\/wp-json\/wp\/v2\/types\/product"}],"wp:featuredmedia":[{"embeddable":true,"href":"https:\/\/www.ernstbrunn-apotheke.at\/katalog\/wp-json\/wp\/v2\/media\/13017"}],"wp:attachment":[{"href":"https:\/\/www.ernstbrunn-apotheke.at\/katalog\/wp-json\/wp\/v2\/media?parent=13015"}],"wp:term":[{"taxonomy":"product_brand","embeddable":true,"href":"https:\/\/www.ernstbrunn-apotheke.at\/katalog\/wp-json\/wp\/v2\/product_brand?post=13015"},{"taxonomy":"product_cat","embeddable":true,"href":"https:\/\/www.ernstbrunn-apotheke.at\/katalog\/wp-json\/wp\/v2\/product_cat?post=13015"},{"taxonomy":"product_tag","embeddable":true,"href":"https:\/\/www.ernstbrunn-apotheke.at\/katalog\/wp-json\/wp\/v2\/product_tag?post=13015"}],"curies":[{"name":"wp","href":"https:\/\/api.w.org\/{rel}","templated":true}]}}