{"id":130106,"date":"2025-11-13T17:28:56","date_gmt":"2025-11-13T16:28:56","guid":{"rendered":"https:\/\/www.ernstbrunn-apotheke.at\/katalog\/produkt\/gall-pharma-q10-30-mg-kapseln\/"},"modified":"2025-12-09T10:10:27","modified_gmt":"2025-12-09T09:10:27","slug":"gall-pharma-q10-30-mg-kapseln","status":"publish","type":"product","link":"https:\/\/www.ernstbrunn-apotheke.at\/katalog\/produkt\/gall-pharma-q10-30-mg-kapseln\/","title":{"rendered":"Gall Pharma Q10 30 mg Kapseln"},"content":{"rendered":"<p>Gall Pharma Q10 30 mg Kapseln 60 Stk. enthalten 30 mg Coenzym Q-10 in einer Hartgelatinekapsel. Coenzym Q-10 ist das Anti-Aging Mittel schlechthin und wird von jeder Zelle unseres K\u00f6rpers ben\u00f6tigt, um die Energieversorgung sicherzustellen. Q10 aktiviert das Immunsystem, st\u00e4rkt das Herz und die Nerven und steigert sogar die Fettverbrennung.<\/p>\n","protected":false},"excerpt":{"rendered":"<p>Gall Pharma Q10 30 mg Kapseln 60 Stk. enthalten 30 mg Coenzym Q-10 in einer Hartgelatinekapsel. Coenzym Q-10 ist das Anti-Aging Mittel schlechthin und wird von jeder Zelle unseres K\u00f6rpers ben\u00f6tigt, um die Energieversorgung sicherzustellen. Q10 aktiviert das Immunsystem, st\u00e4rkt das Herz und die Nerven und steigert sogar die Fettverbrennung.<\/p>\n","protected":false},"featured_media":130108,"template":"","meta":{"_acf_changed":false},"product_brand":[371],"product_cat":[810],"product_tag":[],"class_list":{"0":"post-130106","1":"product","2":"type-product","3":"status-publish","4":"has-post-thumbnail","6":"product_brand-gall-pharma","7":"product_cat-g","8":"pa_packungsgroesse-60-stueck","10":"first","11":"instock","12":"shipping-taxable","13":"purchasable","14":"product-type-simple"},"acf":[],"_links":{"self":[{"href":"https:\/\/www.ernstbrunn-apotheke.at\/katalog\/wp-json\/wp\/v2\/product\/130106","targetHints":{"allow":["GET"]}}],"collection":[{"href":"https:\/\/www.ernstbrunn-apotheke.at\/katalog\/wp-json\/wp\/v2\/product"}],"about":[{"href":"https:\/\/www.ernstbrunn-apotheke.at\/katalog\/wp-json\/wp\/v2\/types\/product"}],"wp:featuredmedia":[{"embeddable":true,"href":"https:\/\/www.ernstbrunn-apotheke.at\/katalog\/wp-json\/wp\/v2\/media\/130108"}],"wp:attachment":[{"href":"https:\/\/www.ernstbrunn-apotheke.at\/katalog\/wp-json\/wp\/v2\/media?parent=130106"}],"wp:term":[{"taxonomy":"product_brand","embeddable":true,"href":"https:\/\/www.ernstbrunn-apotheke.at\/katalog\/wp-json\/wp\/v2\/product_brand?post=130106"},{"taxonomy":"product_cat","embeddable":true,"href":"https:\/\/www.ernstbrunn-apotheke.at\/katalog\/wp-json\/wp\/v2\/product_cat?post=130106"},{"taxonomy":"product_tag","embeddable":true,"href":"https:\/\/www.ernstbrunn-apotheke.at\/katalog\/wp-json\/wp\/v2\/product_tag?post=130106"}],"curies":[{"name":"wp","href":"https:\/\/api.w.org\/{rel}","templated":true}]}}