{"id":130062,"date":"2025-11-13T17:28:02","date_gmt":"2025-11-13T16:28:02","guid":{"rendered":"https:\/\/www.ernstbrunn-apotheke.at\/katalog\/produkt\/puressentiel-anti-laeuse-abwehr-spray-75-ml\/"},"modified":"2025-12-09T10:10:23","modified_gmt":"2025-12-09T09:10:23","slug":"puressentiel-anti-laeuse-abwehr-spray-75-ml","status":"publish","type":"product","link":"https:\/\/www.ernstbrunn-apotheke.at\/katalog\/produkt\/puressentiel-anti-laeuse-abwehr-spray-75-ml\/","title":{"rendered":"Puressentiel Anti-L\u00e4use Abwehr Spray 75 ml"},"content":{"rendered":"<p>Puressentiel Anti-L\u00e4use Abwehr Spray hat eine pr\u00e4ventive Wirkung gegen L\u00e4usebefall. Bei Epidemien kann es den Befall auf der Kopfhaut verhindern und gew\u00e4hrleistet einen wirksamen Schutz bis zu 12 Stunden. Seine Formel aus Wirkstoffen pflanzlicher Ursprungs hinterl\u00e4sst einen frischen und angenehmen Duft. Es kann t\u00e4glich benutzt werden, ohne die Haare zu besch\u00e4digen oder zu fetten.<\/p>\n","protected":false},"excerpt":{"rendered":"<p>Puressentiel Anti-L\u00e4use Abwehr Spray hat eine pr\u00e4ventive Wirkung gegen L\u00e4usebefall. Bei Epidemien kann es den Befall auf der Kopfhaut verhindern und gew\u00e4hrleistet einen wirksamen Schutz bis zu 12 Stunden. Seine Formel aus Wirkstoffen pflanzlicher Ursprungs hinterl\u00e4sst einen frischen und angenehmen Duft. Es kann t\u00e4glich benutzt werden, ohne die Haare zu besch\u00e4digen oder zu fetten.<\/p>\n","protected":false},"featured_media":130064,"template":"","meta":{"_acf_changed":false},"product_brand":[],"product_cat":[793],"product_tag":[],"class_list":{"0":"post-130062","1":"product","2":"type-product","3":"status-publish","4":"has-post-thumbnail","6":"product_cat-p","7":"pa_packungsgroesse-75ml","9":"first","10":"instock","11":"shipping-taxable","12":"purchasable","13":"product-type-simple"},"acf":[],"_links":{"self":[{"href":"https:\/\/www.ernstbrunn-apotheke.at\/katalog\/wp-json\/wp\/v2\/product\/130062","targetHints":{"allow":["GET"]}}],"collection":[{"href":"https:\/\/www.ernstbrunn-apotheke.at\/katalog\/wp-json\/wp\/v2\/product"}],"about":[{"href":"https:\/\/www.ernstbrunn-apotheke.at\/katalog\/wp-json\/wp\/v2\/types\/product"}],"wp:featuredmedia":[{"embeddable":true,"href":"https:\/\/www.ernstbrunn-apotheke.at\/katalog\/wp-json\/wp\/v2\/media\/130064"}],"wp:attachment":[{"href":"https:\/\/www.ernstbrunn-apotheke.at\/katalog\/wp-json\/wp\/v2\/media?parent=130062"}],"wp:term":[{"taxonomy":"product_brand","embeddable":true,"href":"https:\/\/www.ernstbrunn-apotheke.at\/katalog\/wp-json\/wp\/v2\/product_brand?post=130062"},{"taxonomy":"product_cat","embeddable":true,"href":"https:\/\/www.ernstbrunn-apotheke.at\/katalog\/wp-json\/wp\/v2\/product_cat?post=130062"},{"taxonomy":"product_tag","embeddable":true,"href":"https:\/\/www.ernstbrunn-apotheke.at\/katalog\/wp-json\/wp\/v2\/product_tag?post=130062"}],"curies":[{"name":"wp","href":"https:\/\/api.w.org\/{rel}","templated":true}]}}