{"id":129828,"date":"2025-11-13T17:21:01","date_gmt":"2025-11-13T16:21:01","guid":{"rendered":"https:\/\/www.ernstbrunn-apotheke.at\/katalog\/produkt\/curaprox-perio-plus-focus-zahngel-10-ml\/"},"modified":"2025-12-09T10:09:56","modified_gmt":"2025-12-09T09:09:56","slug":"curaprox-perio-plus-focus-zahngel-10-ml","status":"publish","type":"product","link":"https:\/\/www.ernstbrunn-apotheke.at\/katalog\/produkt\/curaprox-perio-plus-focus-zahngel-10-ml\/","title":{"rendered":"Curaprox Perio Plus+ Focus Zahngel 10 ml"},"content":{"rendered":"<p>Curaprox Perio Plus+ Focus Zahngel mit Hyalurons\u00e4ure \u2013 lokal applizierbar, stark dosiert: Sch\u00fctzt und pflegt das Zahnfleisch, sch\u00fctzt gegen bakteriellen Plaque. Durch die Hyalurons\u00e4ure wird die Gewebeerneuerung unterst\u00fctzt. Es kontrolliert bakterielles Wachstum durch 0,5% Chlorhexidin-Diglukonat und bewahrt die Z\u00e4hne so vor Karies.<\/p>\n","protected":false},"excerpt":{"rendered":"<p>Curaprox Perio Plus+ Focus Zahngel mit Hyalurons\u00e4ure \u2013 lokal applizierbar, stark dosiert: Sch\u00fctzt und pflegt das Zahnfleisch, sch\u00fctzt gegen bakteriellen Plaque. Durch die Hyalurons\u00e4ure wird die Gewebeerneuerung unterst\u00fctzt. Es kontrolliert bakterielles Wachstum durch 0,5% Chlorhexidin-Diglukonat und bewahrt die Z\u00e4hne so vor Karies.<\/p>\n","protected":false},"featured_media":129830,"template":"","meta":{"_acf_changed":false},"product_brand":[],"product_cat":[812],"product_tag":[],"class_list":{"0":"post-129828","1":"product","2":"type-product","3":"status-publish","4":"has-post-thumbnail","6":"product_cat-c","7":"pa_packungsgroesse-10ml","9":"first","10":"instock","11":"shipping-taxable","12":"purchasable","13":"product-type-simple"},"acf":[],"_links":{"self":[{"href":"https:\/\/www.ernstbrunn-apotheke.at\/katalog\/wp-json\/wp\/v2\/product\/129828","targetHints":{"allow":["GET"]}}],"collection":[{"href":"https:\/\/www.ernstbrunn-apotheke.at\/katalog\/wp-json\/wp\/v2\/product"}],"about":[{"href":"https:\/\/www.ernstbrunn-apotheke.at\/katalog\/wp-json\/wp\/v2\/types\/product"}],"wp:featuredmedia":[{"embeddable":true,"href":"https:\/\/www.ernstbrunn-apotheke.at\/katalog\/wp-json\/wp\/v2\/media\/129830"}],"wp:attachment":[{"href":"https:\/\/www.ernstbrunn-apotheke.at\/katalog\/wp-json\/wp\/v2\/media?parent=129828"}],"wp:term":[{"taxonomy":"product_brand","embeddable":true,"href":"https:\/\/www.ernstbrunn-apotheke.at\/katalog\/wp-json\/wp\/v2\/product_brand?post=129828"},{"taxonomy":"product_cat","embeddable":true,"href":"https:\/\/www.ernstbrunn-apotheke.at\/katalog\/wp-json\/wp\/v2\/product_cat?post=129828"},{"taxonomy":"product_tag","embeddable":true,"href":"https:\/\/www.ernstbrunn-apotheke.at\/katalog\/wp-json\/wp\/v2\/product_tag?post=129828"}],"curies":[{"name":"wp","href":"https:\/\/api.w.org\/{rel}","templated":true}]}}