{"id":12917,"date":"2025-11-07T14:57:49","date_gmt":"2025-11-07T13:57:49","guid":{"rendered":"https:\/\/www.ernstbrunn-apotheke.at\/katalog\/produkt\/weihrauch-activ-tabletten\/"},"modified":"2025-12-08T13:34:24","modified_gmt":"2025-12-08T12:34:24","slug":"weihrauch-activ-tabletten","status":"publish","type":"product","link":"https:\/\/www.ernstbrunn-apotheke.at\/katalog\/produkt\/weihrauch-activ-tabletten\/","title":{"rendered":"Weihrauch activ Tabletten"},"content":{"rendered":"<p>HWS Weihrauch Activ ist ein Nahrungserg\u00e4nzungsmittel mit Weihrauchpulver (Boswellia Serrata), Calcium und Vitamin C. Boswellia Serrata unterst\u00fctzt die normale Funktion des Verdauungsapparates, Calcium tr\u00e4gt zur normalen Funktion von Verdauungsenzymen bei und Vitamin C tr\u00e4gt zu einer normalen Kollagenbildung f\u00fcr eine normale Knorpelfunktion bei.<\/p>\n","protected":false},"excerpt":{"rendered":"<p>HWS Weihrauch Activ ist ein Nahrungserg\u00e4nzungsmittel mit Weihrauchpulver (Boswellia Serrata), Calcium und Vitamin C. Boswellia Serrata unterst\u00fctzt die normale Funktion des Verdauungsapparates, Calcium tr\u00e4gt zur normalen Funktion von Verdauungsenzymen bei und Vitamin C tr\u00e4gt zu einer normalen Kollagenbildung f\u00fcr eine normale Knorpelfunktion bei.<\/p>\n","protected":false},"featured_media":12919,"template":"","meta":{"_acf_changed":false},"product_brand":[],"product_cat":[796],"product_tag":[],"class_list":{"0":"post-12917","1":"product","2":"type-product","3":"status-publish","4":"has-post-thumbnail","6":"product_cat-w","7":"pa_packungsgroesse-100-stueck","9":"first","10":"instock","11":"shipping-taxable","12":"purchasable","13":"product-type-simple"},"acf":[],"_links":{"self":[{"href":"https:\/\/www.ernstbrunn-apotheke.at\/katalog\/wp-json\/wp\/v2\/product\/12917","targetHints":{"allow":["GET"]}}],"collection":[{"href":"https:\/\/www.ernstbrunn-apotheke.at\/katalog\/wp-json\/wp\/v2\/product"}],"about":[{"href":"https:\/\/www.ernstbrunn-apotheke.at\/katalog\/wp-json\/wp\/v2\/types\/product"}],"wp:featuredmedia":[{"embeddable":true,"href":"https:\/\/www.ernstbrunn-apotheke.at\/katalog\/wp-json\/wp\/v2\/media\/12919"}],"wp:attachment":[{"href":"https:\/\/www.ernstbrunn-apotheke.at\/katalog\/wp-json\/wp\/v2\/media?parent=12917"}],"wp:term":[{"taxonomy":"product_brand","embeddable":true,"href":"https:\/\/www.ernstbrunn-apotheke.at\/katalog\/wp-json\/wp\/v2\/product_brand?post=12917"},{"taxonomy":"product_cat","embeddable":true,"href":"https:\/\/www.ernstbrunn-apotheke.at\/katalog\/wp-json\/wp\/v2\/product_cat?post=12917"},{"taxonomy":"product_tag","embeddable":true,"href":"https:\/\/www.ernstbrunn-apotheke.at\/katalog\/wp-json\/wp\/v2\/product_tag?post=12917"}],"curies":[{"name":"wp","href":"https:\/\/api.w.org\/{rel}","templated":true}]}}