{"id":128906,"date":"2025-11-13T16:59:21","date_gmt":"2025-11-13T15:59:21","guid":{"rendered":"https:\/\/www.ernstbrunn-apotheke.at\/katalog\/produkt\/oleovital-melatonin-mundspray-25-ml\/"},"modified":"2025-12-09T10:07:20","modified_gmt":"2025-12-09T09:07:20","slug":"oleovital-melatonin-mundspray-25-ml","status":"publish","type":"product","link":"https:\/\/www.ernstbrunn-apotheke.at\/katalog\/produkt\/oleovital-melatonin-mundspray-25-ml\/","title":{"rendered":"Oleovital Melatonin Mundspray 25 ml"},"content":{"rendered":"<p>OLEOvital\u00ae Melatonin Mundspray sorgt mit einer innovativen, praktischen Darreichungsform f\u00fcr erholsamen Schlaf. F\u00fcr die Einnahme ist kein Wasser erforderlich! 125 Sprayst\u00f6\u00dfe mit k\u00f6stlichem Johannisbeergeschmack<\/p>\n","protected":false},"excerpt":{"rendered":"<p>OLEOvital\u00ae Melatonin Mundspray sorgt mit einer innovativen, praktischen Darreichungsform f\u00fcr erholsamen Schlaf. F\u00fcr die Einnahme ist kein Wasser erforderlich! 125 Sprayst\u00f6\u00dfe mit k\u00f6stlichem Johannisbeergeschmack<\/p>\n","protected":false},"featured_media":128908,"template":"","meta":{"_acf_changed":false},"product_brand":[],"product_cat":[819],"product_tag":[],"class_list":{"0":"post-128906","1":"product","2":"type-product","3":"status-publish","4":"has-post-thumbnail","6":"product_cat-o","7":"pa_packungsgroesse-25ml","9":"first","10":"instock","11":"shipping-taxable","12":"purchasable","13":"product-type-simple"},"acf":[],"_links":{"self":[{"href":"https:\/\/www.ernstbrunn-apotheke.at\/katalog\/wp-json\/wp\/v2\/product\/128906","targetHints":{"allow":["GET"]}}],"collection":[{"href":"https:\/\/www.ernstbrunn-apotheke.at\/katalog\/wp-json\/wp\/v2\/product"}],"about":[{"href":"https:\/\/www.ernstbrunn-apotheke.at\/katalog\/wp-json\/wp\/v2\/types\/product"}],"wp:featuredmedia":[{"embeddable":true,"href":"https:\/\/www.ernstbrunn-apotheke.at\/katalog\/wp-json\/wp\/v2\/media\/128908"}],"wp:attachment":[{"href":"https:\/\/www.ernstbrunn-apotheke.at\/katalog\/wp-json\/wp\/v2\/media?parent=128906"}],"wp:term":[{"taxonomy":"product_brand","embeddable":true,"href":"https:\/\/www.ernstbrunn-apotheke.at\/katalog\/wp-json\/wp\/v2\/product_brand?post=128906"},{"taxonomy":"product_cat","embeddable":true,"href":"https:\/\/www.ernstbrunn-apotheke.at\/katalog\/wp-json\/wp\/v2\/product_cat?post=128906"},{"taxonomy":"product_tag","embeddable":true,"href":"https:\/\/www.ernstbrunn-apotheke.at\/katalog\/wp-json\/wp\/v2\/product_tag?post=128906"}],"curies":[{"name":"wp","href":"https:\/\/api.w.org\/{rel}","templated":true}]}}