{"id":128866,"date":"2025-11-13T16:57:59","date_gmt":"2025-11-13T15:57:59","guid":{"rendered":"https:\/\/www.ernstbrunn-apotheke.at\/katalog\/produkt\/nuxe-very-rose-cleansing-water-sensitive-skin-200-ml\/"},"modified":"2025-12-09T10:07:16","modified_gmt":"2025-12-09T09:07:16","slug":"nuxe-very-rose-cleansing-water-sensitive-skin-200-ml","status":"publish","type":"product","link":"https:\/\/www.ernstbrunn-apotheke.at\/katalog\/produkt\/nuxe-very-rose-cleansing-water-sensitive-skin-200-ml\/","title":{"rendered":"Nuxe Very Rose cleansing Water sensitive skin 200 ml"},"content":{"rendered":"<p>Very Rose cleansing water entfernt Make-up, reinigt und sorgt f\u00fcr zarte Haut im Gesicht und um die Augenpartie. F\u00fcr empfindliche, trockene bis sehr trockene Haut geeignet.97 % der Wirkstoffe sind nat\u00fcrlichen Ursprungs.Dieses Mizellen-Reinigungswasser mit Rosenbl\u00fctenwasser befreit die Haut von Make-up und reinigt Gesicht und Augen, indem auch Unreinheiten entfernt werden. Es ist angereichert mit einem Skin-Respect-Komplex 100 % pflanzlichen Ursprungs und beruhigt trockene bis sehr trockene Haut, indem sie sich noch angenehmer anf\u00fchlt und ihr Gleichgewicht respektiert wird. Es sorgt f\u00fcr frische, geschmeidige Haut und verzaubert die Sinne mit seinem raffinierten Rosenduft.<\/p>\n","protected":false},"excerpt":{"rendered":"<p>Very Rose cleansing water entfernt Make-up, reinigt und sorgt f\u00fcr zarte Haut im Gesicht und um die Augenpartie. F\u00fcr empfindliche, trockene bis sehr trockene Haut geeignet.97 % der Wirkstoffe sind nat\u00fcrlichen Ursprungs.Dieses Mizellen-Reinigungswasser mit Rosenbl\u00fctenwasser befreit die Haut von Make-up und reinigt Gesicht und Augen, indem auch Unreinheiten entfernt werden. Es ist angereichert mit einem [&hellip;]<\/p>\n","protected":false},"featured_media":128868,"template":"","meta":{"_acf_changed":false},"product_brand":[705],"product_cat":[797],"product_tag":[],"class_list":{"0":"post-128866","1":"product","2":"type-product","3":"status-publish","4":"has-post-thumbnail","6":"product_brand-nuxe","7":"product_cat-n","8":"pa_packungsgroesse-200ml","10":"first","11":"instock","12":"shipping-taxable","13":"purchasable","14":"product-type-simple"},"acf":[],"_links":{"self":[{"href":"https:\/\/www.ernstbrunn-apotheke.at\/katalog\/wp-json\/wp\/v2\/product\/128866","targetHints":{"allow":["GET"]}}],"collection":[{"href":"https:\/\/www.ernstbrunn-apotheke.at\/katalog\/wp-json\/wp\/v2\/product"}],"about":[{"href":"https:\/\/www.ernstbrunn-apotheke.at\/katalog\/wp-json\/wp\/v2\/types\/product"}],"wp:featuredmedia":[{"embeddable":true,"href":"https:\/\/www.ernstbrunn-apotheke.at\/katalog\/wp-json\/wp\/v2\/media\/128868"}],"wp:attachment":[{"href":"https:\/\/www.ernstbrunn-apotheke.at\/katalog\/wp-json\/wp\/v2\/media?parent=128866"}],"wp:term":[{"taxonomy":"product_brand","embeddable":true,"href":"https:\/\/www.ernstbrunn-apotheke.at\/katalog\/wp-json\/wp\/v2\/product_brand?post=128866"},{"taxonomy":"product_cat","embeddable":true,"href":"https:\/\/www.ernstbrunn-apotheke.at\/katalog\/wp-json\/wp\/v2\/product_cat?post=128866"},{"taxonomy":"product_tag","embeddable":true,"href":"https:\/\/www.ernstbrunn-apotheke.at\/katalog\/wp-json\/wp\/v2\/product_tag?post=128866"}],"curies":[{"name":"wp","href":"https:\/\/api.w.org\/{rel}","templated":true}]}}