{"id":128854,"date":"2025-11-13T16:57:47","date_gmt":"2025-11-13T15:57:47","guid":{"rendered":"https:\/\/www.ernstbrunn-apotheke.at\/katalog\/produkt\/nuxe-aquabella-gelee-klaerendes-mikropeeling-gel-150-ml\/"},"modified":"2025-12-09T10:07:13","modified_gmt":"2025-12-09T09:07:13","slug":"nuxe-aquabella-gelee-klaerendes-mikropeeling-gel-150-ml","status":"publish","type":"product","link":"https:\/\/www.ernstbrunn-apotheke.at\/katalog\/produkt\/nuxe-aquabella-gelee-klaerendes-mikropeeling-gel-150-ml\/","title":{"rendered":"Nuxe Aquabella Gelee kl\u00e4rendes Mikropeeling-Gel 150 ml"},"content":{"rendered":"<p>Diese Gesichtsreinigung mit nat\u00fcrlichen blauen Mikroperlen reinigt die Haut in der Tiefe, ohne sie auszutrocknen. Das reinigende Gel entfernt jeden Tag den Talg\u00fcberschuss der Haut, gl\u00e4ttet Unregelm\u00e4\u00dfigkeiten und macht die Haut wunderbar rein, frisch und strahlend.Jedes Alter (Erwachsene), ideal f\u00fcr 18 &#8211; 25 J\u00e4hrige.<\/p>\n","protected":false},"excerpt":{"rendered":"<p>Diese Gesichtsreinigung mit nat\u00fcrlichen blauen Mikroperlen reinigt die Haut in der Tiefe, ohne sie auszutrocknen. Das reinigende Gel entfernt jeden Tag den Talg\u00fcberschuss der Haut, gl\u00e4ttet Unregelm\u00e4\u00dfigkeiten und macht die Haut wunderbar rein, frisch und strahlend.Jedes Alter (Erwachsene), ideal f\u00fcr 18 &#8211; 25 J\u00e4hrige.<\/p>\n","protected":false},"featured_media":128856,"template":"","meta":{"_acf_changed":false},"product_brand":[705],"product_cat":[797],"product_tag":[],"class_list":{"0":"post-128854","1":"product","2":"type-product","3":"status-publish","4":"has-post-thumbnail","6":"product_brand-nuxe","7":"product_cat-n","8":"pa_packungsgroesse-150ml","10":"first","11":"instock","12":"shipping-taxable","13":"purchasable","14":"product-type-simple"},"acf":[],"_links":{"self":[{"href":"https:\/\/www.ernstbrunn-apotheke.at\/katalog\/wp-json\/wp\/v2\/product\/128854","targetHints":{"allow":["GET"]}}],"collection":[{"href":"https:\/\/www.ernstbrunn-apotheke.at\/katalog\/wp-json\/wp\/v2\/product"}],"about":[{"href":"https:\/\/www.ernstbrunn-apotheke.at\/katalog\/wp-json\/wp\/v2\/types\/product"}],"wp:featuredmedia":[{"embeddable":true,"href":"https:\/\/www.ernstbrunn-apotheke.at\/katalog\/wp-json\/wp\/v2\/media\/128856"}],"wp:attachment":[{"href":"https:\/\/www.ernstbrunn-apotheke.at\/katalog\/wp-json\/wp\/v2\/media?parent=128854"}],"wp:term":[{"taxonomy":"product_brand","embeddable":true,"href":"https:\/\/www.ernstbrunn-apotheke.at\/katalog\/wp-json\/wp\/v2\/product_brand?post=128854"},{"taxonomy":"product_cat","embeddable":true,"href":"https:\/\/www.ernstbrunn-apotheke.at\/katalog\/wp-json\/wp\/v2\/product_cat?post=128854"},{"taxonomy":"product_tag","embeddable":true,"href":"https:\/\/www.ernstbrunn-apotheke.at\/katalog\/wp-json\/wp\/v2\/product_tag?post=128854"}],"curies":[{"name":"wp","href":"https:\/\/api.w.org\/{rel}","templated":true}]}}