{"id":128670,"date":"2025-11-13T16:51:58","date_gmt":"2025-11-13T15:51:58","guid":{"rendered":"https:\/\/www.ernstbrunn-apotheke.at\/katalog\/produkt\/postopyl-plus-emulsion\/"},"modified":"2025-12-09T10:06:58","modified_gmt":"2025-12-09T09:06:58","slug":"postopyl-plus-emulsion","status":"publish","type":"product","link":"https:\/\/www.ernstbrunn-apotheke.at\/katalog\/produkt\/postopyl-plus-emulsion\/","title":{"rendered":"Postopyl Plus Emulsion"},"content":{"rendered":"<p>Postopyl Plus Emulsion bildet einen atmungsaktiven Film auf der Haut, der sie vor austrocknenden Umweltreizen, Keimen und N\u00e4sse sch\u00fctzt, die Verdunstung von in der Wunde im \u00dcberma\u00df auftretender Feuchtigkeit jedoch erlaubt. So bleibt das Feuchtigkeitsgleichgewicht des verletzten Gewebes erhalten und Juckreiz durch Austrocknung wird vermieden.<\/p>\n","protected":false},"excerpt":{"rendered":"<p>Postopyl Plus Emulsion bildet einen atmungsaktiven Film auf der Haut, der sie vor austrocknenden Umweltreizen, Keimen und N\u00e4sse sch\u00fctzt, die Verdunstung von in der Wunde im \u00dcberma\u00df auftretender Feuchtigkeit jedoch erlaubt. So bleibt das Feuchtigkeitsgleichgewicht des verletzten Gewebes erhalten und Juckreiz durch Austrocknung wird vermieden.<\/p>\n","protected":false},"featured_media":128672,"template":"","meta":{"_acf_changed":false},"product_brand":[],"product_cat":[793],"product_tag":[],"class_list":{"0":"post-128670","1":"product","2":"type-product","3":"status-publish","4":"has-post-thumbnail","6":"product_cat-p","7":"pa_packungsgroesse-30ml","9":"first","10":"instock","11":"shipping-taxable","12":"purchasable","13":"product-type-simple"},"acf":[],"_links":{"self":[{"href":"https:\/\/www.ernstbrunn-apotheke.at\/katalog\/wp-json\/wp\/v2\/product\/128670","targetHints":{"allow":["GET"]}}],"collection":[{"href":"https:\/\/www.ernstbrunn-apotheke.at\/katalog\/wp-json\/wp\/v2\/product"}],"about":[{"href":"https:\/\/www.ernstbrunn-apotheke.at\/katalog\/wp-json\/wp\/v2\/types\/product"}],"wp:featuredmedia":[{"embeddable":true,"href":"https:\/\/www.ernstbrunn-apotheke.at\/katalog\/wp-json\/wp\/v2\/media\/128672"}],"wp:attachment":[{"href":"https:\/\/www.ernstbrunn-apotheke.at\/katalog\/wp-json\/wp\/v2\/media?parent=128670"}],"wp:term":[{"taxonomy":"product_brand","embeddable":true,"href":"https:\/\/www.ernstbrunn-apotheke.at\/katalog\/wp-json\/wp\/v2\/product_brand?post=128670"},{"taxonomy":"product_cat","embeddable":true,"href":"https:\/\/www.ernstbrunn-apotheke.at\/katalog\/wp-json\/wp\/v2\/product_cat?post=128670"},{"taxonomy":"product_tag","embeddable":true,"href":"https:\/\/www.ernstbrunn-apotheke.at\/katalog\/wp-json\/wp\/v2\/product_tag?post=128670"}],"curies":[{"name":"wp","href":"https:\/\/api.w.org\/{rel}","templated":true}]}}