{"id":12864,"date":"2025-11-07T14:57:04","date_gmt":"2025-11-07T13:57:04","guid":{"rendered":"https:\/\/www.ernstbrunn-apotheke.at\/katalog\/produkt\/msm-500mg-kapseln\/"},"modified":"2025-12-08T13:34:20","modified_gmt":"2025-12-08T12:34:20","slug":"msm-500mg-kapseln","status":"publish","type":"product","link":"https:\/\/www.ernstbrunn-apotheke.at\/katalog\/produkt\/msm-500mg-kapseln\/","title":{"rendered":"MSM 500mg Kapseln"},"content":{"rendered":"<p>Gall Pharma MSM 500 mg Kapseln 60 Stk. enthalten einen nat\u00fcrlich vorkommenden N\u00e4hrstoff, der vorwiegend in Pflanzen, Fleisch, Eiern, Gefl\u00fcgel und Milchprodukten vorkommt. MSM unterst\u00fctzt die Bildung von neuen Zellen, Bindegewebe, Muskel und B\u00e4nder und f\u00f6rdert deren Elastizit\u00e4t und Geschmeidigkeit. Als Nahrungserg\u00e4nzung ist MSM geeignet um zusammen mit den N\u00e4hrstoffen Glucosamin und Chondroitin die Knorpelmasse zu erhalten, f\u00fcr Sportler zur Regeneration nach Muskelanstrengungen und zum Erhalt von K\u00f6rpergewebe, Haut und Haare.<\/p>\n","protected":false},"excerpt":{"rendered":"<p>Gall Pharma MSM 500 mg Kapseln 60 Stk. enthalten einen nat\u00fcrlich vorkommenden N\u00e4hrstoff, der vorwiegend in Pflanzen, Fleisch, Eiern, Gefl\u00fcgel und Milchprodukten vorkommt. MSM unterst\u00fctzt die Bildung von neuen Zellen, Bindegewebe, Muskel und B\u00e4nder und f\u00f6rdert deren Elastizit\u00e4t und Geschmeidigkeit. Als Nahrungserg\u00e4nzung ist MSM geeignet um zusammen mit den N\u00e4hrstoffen Glucosamin und Chondroitin die Knorpelmasse [&hellip;]<\/p>\n","protected":false},"featured_media":12866,"template":"","meta":{"_acf_changed":false},"product_brand":[371],"product_cat":[800],"product_tag":[],"class_list":{"0":"post-12864","1":"product","2":"type-product","3":"status-publish","4":"has-post-thumbnail","6":"product_brand-gall-pharma","7":"product_cat-m","8":"pa_packungsgroesse-180-stueck","9":"pa_packungsgroesse-60-stueck","11":"first","12":"instock","13":"shipping-taxable","14":"purchasable","15":"product-type-simple"},"acf":[],"_links":{"self":[{"href":"https:\/\/www.ernstbrunn-apotheke.at\/katalog\/wp-json\/wp\/v2\/product\/12864","targetHints":{"allow":["GET"]}}],"collection":[{"href":"https:\/\/www.ernstbrunn-apotheke.at\/katalog\/wp-json\/wp\/v2\/product"}],"about":[{"href":"https:\/\/www.ernstbrunn-apotheke.at\/katalog\/wp-json\/wp\/v2\/types\/product"}],"wp:featuredmedia":[{"embeddable":true,"href":"https:\/\/www.ernstbrunn-apotheke.at\/katalog\/wp-json\/wp\/v2\/media\/12866"}],"wp:attachment":[{"href":"https:\/\/www.ernstbrunn-apotheke.at\/katalog\/wp-json\/wp\/v2\/media?parent=12864"}],"wp:term":[{"taxonomy":"product_brand","embeddable":true,"href":"https:\/\/www.ernstbrunn-apotheke.at\/katalog\/wp-json\/wp\/v2\/product_brand?post=12864"},{"taxonomy":"product_cat","embeddable":true,"href":"https:\/\/www.ernstbrunn-apotheke.at\/katalog\/wp-json\/wp\/v2\/product_cat?post=12864"},{"taxonomy":"product_tag","embeddable":true,"href":"https:\/\/www.ernstbrunn-apotheke.at\/katalog\/wp-json\/wp\/v2\/product_tag?post=12864"}],"curies":[{"name":"wp","href":"https:\/\/api.w.org\/{rel}","templated":true}]}}