{"id":128632,"date":"2025-11-13T16:51:13","date_gmt":"2025-11-13T15:51:13","guid":{"rendered":"https:\/\/www.ernstbrunn-apotheke.at\/katalog\/produkt\/iklen-serum-30-ml\/"},"modified":"2025-12-09T10:06:55","modified_gmt":"2025-12-09T09:06:55","slug":"iklen-serum-30-ml","status":"publish","type":"product","link":"https:\/\/www.ernstbrunn-apotheke.at\/katalog\/produkt\/iklen-serum-30-ml\/","title":{"rendered":"Iklen Serum 30 ml"},"content":{"rendered":"<p>Iklen Serum verfeinert das Hautbild und reduziert braune Flecken. Das Serum zeichnet sich durch seine sehr gute Vertr\u00e4glichkeit aus. F\u00fcr einen strahlenden, sch\u00f6nen Teint<\/p>\n","protected":false},"excerpt":{"rendered":"<p>Iklen Serum verfeinert das Hautbild und reduziert braune Flecken. Das Serum zeichnet sich durch seine sehr gute Vertr\u00e4glichkeit aus. F\u00fcr einen strahlenden, sch\u00f6nen Teint<\/p>\n","protected":false},"featured_media":128634,"template":"","meta":{"_acf_changed":false},"product_brand":[],"product_cat":[823],"product_tag":[],"class_list":{"0":"post-128632","1":"product","2":"type-product","3":"status-publish","4":"has-post-thumbnail","6":"product_cat-i","7":"pa_packungsgroesse-30ml","9":"first","10":"instock","11":"shipping-taxable","12":"purchasable","13":"product-type-simple"},"acf":[],"_links":{"self":[{"href":"https:\/\/www.ernstbrunn-apotheke.at\/katalog\/wp-json\/wp\/v2\/product\/128632","targetHints":{"allow":["GET"]}}],"collection":[{"href":"https:\/\/www.ernstbrunn-apotheke.at\/katalog\/wp-json\/wp\/v2\/product"}],"about":[{"href":"https:\/\/www.ernstbrunn-apotheke.at\/katalog\/wp-json\/wp\/v2\/types\/product"}],"wp:featuredmedia":[{"embeddable":true,"href":"https:\/\/www.ernstbrunn-apotheke.at\/katalog\/wp-json\/wp\/v2\/media\/128634"}],"wp:attachment":[{"href":"https:\/\/www.ernstbrunn-apotheke.at\/katalog\/wp-json\/wp\/v2\/media?parent=128632"}],"wp:term":[{"taxonomy":"product_brand","embeddable":true,"href":"https:\/\/www.ernstbrunn-apotheke.at\/katalog\/wp-json\/wp\/v2\/product_brand?post=128632"},{"taxonomy":"product_cat","embeddable":true,"href":"https:\/\/www.ernstbrunn-apotheke.at\/katalog\/wp-json\/wp\/v2\/product_cat?post=128632"},{"taxonomy":"product_tag","embeddable":true,"href":"https:\/\/www.ernstbrunn-apotheke.at\/katalog\/wp-json\/wp\/v2\/product_tag?post=128632"}],"curies":[{"name":"wp","href":"https:\/\/api.w.org\/{rel}","templated":true}]}}