{"id":128155,"date":"2025-11-13T15:47:00","date_gmt":"2025-11-13T14:47:00","guid":{"rendered":"https:\/\/www.ernstbrunn-apotheke.at\/katalog\/produkt\/the-nutri-store-msm-pulver-250-g\/"},"modified":"2025-12-09T10:06:07","modified_gmt":"2025-12-09T09:06:07","slug":"the-nutri-store-msm-pulver-250-g","status":"publish","type":"product","link":"https:\/\/www.ernstbrunn-apotheke.at\/katalog\/produkt\/the-nutri-store-msm-pulver-250-g\/","title":{"rendered":"The Nutri Store MSM Pulver 250 g"},"content":{"rendered":"<p>The Nutri Store MSM Pulver ist ein Nahrungserg\u00e4nzungsmittel mit Methylsulfonylmethan (MSM), einer organischen Schwefelverbindung. MSM kommt nat\u00fcrlicherweise in Pflanzen, allen Wirbeltieren und auch im K\u00f6rper des Menschen und ist an einer Vielzahl an Stoffwechselvorg\u00e4ngen beteiligt..<\/p>\n","protected":false},"excerpt":{"rendered":"<p>The Nutri Store MSM Pulver ist ein Nahrungserg\u00e4nzungsmittel mit Methylsulfonylmethan (MSM), einer organischen Schwefelverbindung. MSM kommt nat\u00fcrlicherweise in Pflanzen, allen Wirbeltieren und auch im K\u00f6rper des Menschen und ist an einer Vielzahl an Stoffwechselvorg\u00e4ngen beteiligt..<\/p>\n","protected":false},"featured_media":128157,"template":"","meta":{"_acf_changed":false},"product_brand":[],"product_cat":[798],"product_tag":[],"class_list":{"0":"post-128155","1":"product","2":"type-product","3":"status-publish","4":"has-post-thumbnail","6":"product_cat-t","7":"pa_packungsgroesse-250g","9":"first","10":"instock","11":"shipping-taxable","12":"purchasable","13":"product-type-simple"},"acf":[],"_links":{"self":[{"href":"https:\/\/www.ernstbrunn-apotheke.at\/katalog\/wp-json\/wp\/v2\/product\/128155","targetHints":{"allow":["GET"]}}],"collection":[{"href":"https:\/\/www.ernstbrunn-apotheke.at\/katalog\/wp-json\/wp\/v2\/product"}],"about":[{"href":"https:\/\/www.ernstbrunn-apotheke.at\/katalog\/wp-json\/wp\/v2\/types\/product"}],"wp:featuredmedia":[{"embeddable":true,"href":"https:\/\/www.ernstbrunn-apotheke.at\/katalog\/wp-json\/wp\/v2\/media\/128157"}],"wp:attachment":[{"href":"https:\/\/www.ernstbrunn-apotheke.at\/katalog\/wp-json\/wp\/v2\/media?parent=128155"}],"wp:term":[{"taxonomy":"product_brand","embeddable":true,"href":"https:\/\/www.ernstbrunn-apotheke.at\/katalog\/wp-json\/wp\/v2\/product_brand?post=128155"},{"taxonomy":"product_cat","embeddable":true,"href":"https:\/\/www.ernstbrunn-apotheke.at\/katalog\/wp-json\/wp\/v2\/product_cat?post=128155"},{"taxonomy":"product_tag","embeddable":true,"href":"https:\/\/www.ernstbrunn-apotheke.at\/katalog\/wp-json\/wp\/v2\/product_tag?post=128155"}],"curies":[{"name":"wp","href":"https:\/\/api.w.org\/{rel}","templated":true}]}}