{"id":127244,"date":"2025-11-13T15:17:24","date_gmt":"2025-11-13T14:17:24","guid":{"rendered":"https:\/\/www.ernstbrunn-apotheke.at\/katalog\/produkt\/a-vogel-menosan-profigur-tabletten-60-stk\/"},"modified":"2025-12-09T10:02:38","modified_gmt":"2025-12-09T09:02:38","slug":"a-vogel-menosan-profigur-tabletten-60-stk","status":"publish","type":"product","link":"https:\/\/www.ernstbrunn-apotheke.at\/katalog\/produkt\/a-vogel-menosan-profigur-tabletten-60-stk\/","title":{"rendered":"A.Vogel Menosan Profigur-Tabletten  60 Stk."},"content":{"rendered":"<p>A.Vogel Menosan Profigur-Tabletten ist ein Nahrungserg\u00e4nzungsmittel mit Mate. Mate hilft bei der Aufrechterhaltung eines gesunden K\u00f6rpergewichts und tr\u00e4gt zur Fettverbrennung bei.<\/p>\n","protected":false},"excerpt":{"rendered":"<p>A.Vogel Menosan Profigur-Tabletten ist ein Nahrungserg\u00e4nzungsmittel mit Mate. Mate hilft bei der Aufrechterhaltung eines gesunden K\u00f6rpergewichts und tr\u00e4gt zur Fettverbrennung bei.<\/p>\n","protected":false},"featured_media":127246,"template":"","meta":{"_acf_changed":false},"product_brand":[],"product_cat":[801],"product_tag":[],"class_list":{"0":"post-127244","1":"product","2":"type-product","3":"status-publish","4":"has-post-thumbnail","6":"product_cat-a","7":"pa_packungsgroesse-60-stueck","9":"first","10":"instock","11":"shipping-taxable","12":"purchasable","13":"product-type-simple"},"acf":[],"_links":{"self":[{"href":"https:\/\/www.ernstbrunn-apotheke.at\/katalog\/wp-json\/wp\/v2\/product\/127244","targetHints":{"allow":["GET"]}}],"collection":[{"href":"https:\/\/www.ernstbrunn-apotheke.at\/katalog\/wp-json\/wp\/v2\/product"}],"about":[{"href":"https:\/\/www.ernstbrunn-apotheke.at\/katalog\/wp-json\/wp\/v2\/types\/product"}],"wp:featuredmedia":[{"embeddable":true,"href":"https:\/\/www.ernstbrunn-apotheke.at\/katalog\/wp-json\/wp\/v2\/media\/127246"}],"wp:attachment":[{"href":"https:\/\/www.ernstbrunn-apotheke.at\/katalog\/wp-json\/wp\/v2\/media?parent=127244"}],"wp:term":[{"taxonomy":"product_brand","embeddable":true,"href":"https:\/\/www.ernstbrunn-apotheke.at\/katalog\/wp-json\/wp\/v2\/product_brand?post=127244"},{"taxonomy":"product_cat","embeddable":true,"href":"https:\/\/www.ernstbrunn-apotheke.at\/katalog\/wp-json\/wp\/v2\/product_cat?post=127244"},{"taxonomy":"product_tag","embeddable":true,"href":"https:\/\/www.ernstbrunn-apotheke.at\/katalog\/wp-json\/wp\/v2\/product_tag?post=127244"}],"curies":[{"name":"wp","href":"https:\/\/api.w.org\/{rel}","templated":true}]}}