{"id":127198,"date":"2025-11-13T15:15:51","date_gmt":"2025-11-13T14:15:51","guid":{"rendered":"https:\/\/www.ernstbrunn-apotheke.at\/katalog\/produkt\/meditonsin-globuli-8-g\/"},"modified":"2025-12-09T10:02:30","modified_gmt":"2025-12-09T09:02:30","slug":"meditonsin-globuli-8-g","status":"publish","type":"product","link":"https:\/\/www.ernstbrunn-apotheke.at\/katalog\/produkt\/meditonsin-globuli-8-g\/","title":{"rendered":"Meditonsin Globuli 8 g"},"content":{"rendered":"<p>Die Meditonsin Globuli helfen die k\u00f6rpereigenen Selbstheilungskr\u00e4fte im Falle einer Erk\u00e4ltung zu aktivieren und mildern so den Verlauf eines grippalen Infektes. Halsschmerzen, Husten und Schnupfen werden sp\u00fcrbar gelindert \u2013 die Erkrankung verl\u00e4uft weniger unangenehm. Wenn Sie Meditosin fr\u00fchzeitig einnehmen, kann es daf\u00fcr sorgen, dass die unangenehmenErk\u00e4ltungsbeschwerden gar nicht erst zum Ausbruch kommen.<\/p>\n","protected":false},"excerpt":{"rendered":"<p>Die Meditonsin Globuli helfen die k\u00f6rpereigenen Selbstheilungskr\u00e4fte im Falle einer Erk\u00e4ltung zu aktivieren und mildern so den Verlauf eines grippalen Infektes. Halsschmerzen, Husten und Schnupfen werden sp\u00fcrbar gelindert \u2013 die Erkrankung verl\u00e4uft weniger unangenehm. Wenn Sie Meditosin fr\u00fchzeitig einnehmen, kann es daf\u00fcr sorgen, dass die unangenehmenErk\u00e4ltungsbeschwerden gar nicht erst zum Ausbruch kommen.<\/p>\n","protected":false},"featured_media":127200,"template":"","meta":{"_acf_changed":false},"product_brand":[],"product_cat":[800],"product_tag":[],"class_list":{"0":"post-127198","1":"product","2":"type-product","3":"status-publish","4":"has-post-thumbnail","6":"product_cat-m","7":"pa_packungsgroesse-8g","9":"first","10":"instock","11":"shipping-taxable","12":"purchasable","13":"product-type-simple"},"acf":[],"_links":{"self":[{"href":"https:\/\/www.ernstbrunn-apotheke.at\/katalog\/wp-json\/wp\/v2\/product\/127198","targetHints":{"allow":["GET"]}}],"collection":[{"href":"https:\/\/www.ernstbrunn-apotheke.at\/katalog\/wp-json\/wp\/v2\/product"}],"about":[{"href":"https:\/\/www.ernstbrunn-apotheke.at\/katalog\/wp-json\/wp\/v2\/types\/product"}],"wp:featuredmedia":[{"embeddable":true,"href":"https:\/\/www.ernstbrunn-apotheke.at\/katalog\/wp-json\/wp\/v2\/media\/127200"}],"wp:attachment":[{"href":"https:\/\/www.ernstbrunn-apotheke.at\/katalog\/wp-json\/wp\/v2\/media?parent=127198"}],"wp:term":[{"taxonomy":"product_brand","embeddable":true,"href":"https:\/\/www.ernstbrunn-apotheke.at\/katalog\/wp-json\/wp\/v2\/product_brand?post=127198"},{"taxonomy":"product_cat","embeddable":true,"href":"https:\/\/www.ernstbrunn-apotheke.at\/katalog\/wp-json\/wp\/v2\/product_cat?post=127198"},{"taxonomy":"product_tag","embeddable":true,"href":"https:\/\/www.ernstbrunn-apotheke.at\/katalog\/wp-json\/wp\/v2\/product_tag?post=127198"}],"curies":[{"name":"wp","href":"https:\/\/api.w.org\/{rel}","templated":true}]}}