{"id":126185,"date":"2025-11-13T14:38:32","date_gmt":"2025-11-13T13:38:32","guid":{"rendered":"https:\/\/www.ernstbrunn-apotheke.at\/katalog\/produkt\/leukostrip-wundnahtstreifen-mit-programmierter-rueckstellkraft-fuer-dem-atraumatischen-primaer-und-sekundaerverschluss-von-hautwunden-steril-4-mm-x-38-mm-8-streifen\/"},"modified":"2025-12-09T09:59:36","modified_gmt":"2025-12-09T08:59:36","slug":"leukostrip-wundnahtstreifen-mit-programmierter-rueckstellkraft-fuer-dem-atraumatischen-primaer-und-sekundaerverschluss-von-hautwunden-steril-4-mm-x-38-mm-8-streifen","status":"publish","type":"product","link":"https:\/\/www.ernstbrunn-apotheke.at\/katalog\/produkt\/leukostrip-wundnahtstreifen-mit-programmierter-rueckstellkraft-fuer-dem-atraumatischen-primaer-und-sekundaerverschluss-von-hautwunden-steril-4-mm-x-38-mm-8-streifen\/","title":{"rendered":"LEUKOSTRIP &#8211; Wundnahtstreifen mit programmierter R\u00fcckstellkraft f\u00fcr dem atraumatischen Prim\u00e4r- und Sekund\u00e4rverschlu\u00df von Hautwunden &#8211; steril , 4 mm x 38 mm \/ 8 Streifen"},"content":{"rendered":"","protected":false},"excerpt":{"rendered":"","protected":false},"featured_media":0,"template":"","meta":{"_acf_changed":false},"product_brand":[980],"product_cat":[795],"product_tag":[],"class_list":{"0":"post-126185","1":"product","2":"type-product","3":"status-publish","5":"product_brand-leukoplast","6":"product_cat-l","7":"pa_packungsgroesse-500","9":"first","10":"instock","11":"shipping-taxable","12":"purchasable","13":"product-type-simple"},"acf":[],"_links":{"self":[{"href":"https:\/\/www.ernstbrunn-apotheke.at\/katalog\/wp-json\/wp\/v2\/product\/126185","targetHints":{"allow":["GET"]}}],"collection":[{"href":"https:\/\/www.ernstbrunn-apotheke.at\/katalog\/wp-json\/wp\/v2\/product"}],"about":[{"href":"https:\/\/www.ernstbrunn-apotheke.at\/katalog\/wp-json\/wp\/v2\/types\/product"}],"wp:attachment":[{"href":"https:\/\/www.ernstbrunn-apotheke.at\/katalog\/wp-json\/wp\/v2\/media?parent=126185"}],"wp:term":[{"taxonomy":"product_brand","embeddable":true,"href":"https:\/\/www.ernstbrunn-apotheke.at\/katalog\/wp-json\/wp\/v2\/product_brand?post=126185"},{"taxonomy":"product_cat","embeddable":true,"href":"https:\/\/www.ernstbrunn-apotheke.at\/katalog\/wp-json\/wp\/v2\/product_cat?post=126185"},{"taxonomy":"product_tag","embeddable":true,"href":"https:\/\/www.ernstbrunn-apotheke.at\/katalog\/wp-json\/wp\/v2\/product_tag?post=126185"}],"curies":[{"name":"wp","href":"https:\/\/api.w.org\/{rel}","templated":true}]}}