{"id":125650,"date":"2025-11-13T14:25:55","date_gmt":"2025-11-13T13:25:55","guid":{"rendered":"https:\/\/www.ernstbrunn-apotheke.at\/katalog\/produkt\/gall-pharma-l-tryptophan-250-mg-kapseln-360-stk\/"},"modified":"2025-12-09T09:58:03","modified_gmt":"2025-12-09T08:58:03","slug":"gall-pharma-l-tryptophan-250-mg-kapseln-360-stk","status":"publish","type":"product","link":"https:\/\/www.ernstbrunn-apotheke.at\/katalog\/produkt\/gall-pharma-l-tryptophan-250-mg-kapseln-360-stk\/","title":{"rendered":"Gall Pharma L-Tryptophan 250 mg Kapseln 360 Stk."},"content":{"rendered":"<p>Gall Pharma L-Tryptophan 250 mg Kapseln enthalten 250 mg L-Tryptophan in einer Hartgelatinekapsel. 3 % des gew\u00f6hnlichen L-Tryptophans wird im K\u00f6rper, wenn es eingenommen wird, zu Serotonin umgewandelt. Serotonin ist verantwortlich f\u00fcr innere Ruhe, Ausgeglichenheit und f\u00fcr Gl\u00fccksgef\u00fchle. Dieses Hormon stellt somit einen Stressregulator dar. Dieses Produkt ist in Packungen zu 60, 120, 180 und 360 St\u00fcck erh\u00e4ltlich.<\/p>\n","protected":false},"excerpt":{"rendered":"<p>Gall Pharma L-Tryptophan 250 mg Kapseln enthalten 250 mg L-Tryptophan in einer Hartgelatinekapsel. 3 % des gew\u00f6hnlichen L-Tryptophans wird im K\u00f6rper, wenn es eingenommen wird, zu Serotonin umgewandelt. Serotonin ist verantwortlich f\u00fcr innere Ruhe, Ausgeglichenheit und f\u00fcr Gl\u00fccksgef\u00fchle. Dieses Hormon stellt somit einen Stressregulator dar. Dieses Produkt ist in Packungen zu 60, 120, 180 und [&hellip;]<\/p>\n","protected":false},"featured_media":125652,"template":"","meta":{"_acf_changed":false},"product_brand":[371],"product_cat":[810],"product_tag":[],"class_list":{"0":"post-125650","1":"product","2":"type-product","3":"status-publish","4":"has-post-thumbnail","6":"product_brand-gall-pharma","7":"product_cat-g","8":"pa_packungsgroesse-360-stueck","10":"first","11":"instock","12":"shipping-taxable","13":"purchasable","14":"product-type-simple"},"acf":[],"_links":{"self":[{"href":"https:\/\/www.ernstbrunn-apotheke.at\/katalog\/wp-json\/wp\/v2\/product\/125650","targetHints":{"allow":["GET"]}}],"collection":[{"href":"https:\/\/www.ernstbrunn-apotheke.at\/katalog\/wp-json\/wp\/v2\/product"}],"about":[{"href":"https:\/\/www.ernstbrunn-apotheke.at\/katalog\/wp-json\/wp\/v2\/types\/product"}],"wp:featuredmedia":[{"embeddable":true,"href":"https:\/\/www.ernstbrunn-apotheke.at\/katalog\/wp-json\/wp\/v2\/media\/125652"}],"wp:attachment":[{"href":"https:\/\/www.ernstbrunn-apotheke.at\/katalog\/wp-json\/wp\/v2\/media?parent=125650"}],"wp:term":[{"taxonomy":"product_brand","embeddable":true,"href":"https:\/\/www.ernstbrunn-apotheke.at\/katalog\/wp-json\/wp\/v2\/product_brand?post=125650"},{"taxonomy":"product_cat","embeddable":true,"href":"https:\/\/www.ernstbrunn-apotheke.at\/katalog\/wp-json\/wp\/v2\/product_cat?post=125650"},{"taxonomy":"product_tag","embeddable":true,"href":"https:\/\/www.ernstbrunn-apotheke.at\/katalog\/wp-json\/wp\/v2\/product_tag?post=125650"}],"curies":[{"name":"wp","href":"https:\/\/api.w.org\/{rel}","templated":true}]}}