{"id":125596,"date":"2025-11-13T14:24:38","date_gmt":"2025-11-13T13:24:38","guid":{"rendered":"https:\/\/www.ernstbrunn-apotheke.at\/katalog\/produkt\/linola-sept-haendedesinfektion-gel-80-ml\/"},"modified":"2025-12-09T09:57:56","modified_gmt":"2025-12-09T08:57:56","slug":"linola-sept-haendedesinfektion-gel-80-ml","status":"publish","type":"product","link":"https:\/\/www.ernstbrunn-apotheke.at\/katalog\/produkt\/linola-sept-haendedesinfektion-gel-80-ml\/","title":{"rendered":"Linola Sept H\u00e4ndedesinfektion Gel 80 ml"},"content":{"rendered":"<p>Das Linola Sept H\u00e4ndedesinfektionsgel reinigt die H\u00e4nde ohne Wasser und Seife und entfernt dabei 99,9% aller Bakterien. Es inaktiviert beh\u00fcllte Viren wie Influenza- und Coronaviren und ist dar\u00fcber hinaus auch gegen Bakterien und Pilze wirksam. Sehr praktisch insbesondere f\u00fcr unterwegs.<\/p>\n","protected":false},"excerpt":{"rendered":"<p>Das Linola Sept H\u00e4ndedesinfektionsgel reinigt die H\u00e4nde ohne Wasser und Seife und entfernt dabei 99,9% aller Bakterien. Es inaktiviert beh\u00fcllte Viren wie Influenza- und Coronaviren und ist dar\u00fcber hinaus auch gegen Bakterien und Pilze wirksam. Sehr praktisch insbesondere f\u00fcr unterwegs.<\/p>\n","protected":false},"featured_media":125598,"template":"","meta":{"_acf_changed":false},"product_brand":[686],"product_cat":[795],"product_tag":[],"class_list":{"0":"post-125596","1":"product","2":"type-product","3":"status-publish","4":"has-post-thumbnail","6":"product_brand-linola","7":"product_cat-l","8":"pa_packungsgroesse-80ml","10":"first","11":"instock","12":"shipping-taxable","13":"purchasable","14":"product-type-simple"},"acf":[],"_links":{"self":[{"href":"https:\/\/www.ernstbrunn-apotheke.at\/katalog\/wp-json\/wp\/v2\/product\/125596","targetHints":{"allow":["GET"]}}],"collection":[{"href":"https:\/\/www.ernstbrunn-apotheke.at\/katalog\/wp-json\/wp\/v2\/product"}],"about":[{"href":"https:\/\/www.ernstbrunn-apotheke.at\/katalog\/wp-json\/wp\/v2\/types\/product"}],"wp:featuredmedia":[{"embeddable":true,"href":"https:\/\/www.ernstbrunn-apotheke.at\/katalog\/wp-json\/wp\/v2\/media\/125598"}],"wp:attachment":[{"href":"https:\/\/www.ernstbrunn-apotheke.at\/katalog\/wp-json\/wp\/v2\/media?parent=125596"}],"wp:term":[{"taxonomy":"product_brand","embeddable":true,"href":"https:\/\/www.ernstbrunn-apotheke.at\/katalog\/wp-json\/wp\/v2\/product_brand?post=125596"},{"taxonomy":"product_cat","embeddable":true,"href":"https:\/\/www.ernstbrunn-apotheke.at\/katalog\/wp-json\/wp\/v2\/product_cat?post=125596"},{"taxonomy":"product_tag","embeddable":true,"href":"https:\/\/www.ernstbrunn-apotheke.at\/katalog\/wp-json\/wp\/v2\/product_tag?post=125596"}],"curies":[{"name":"wp","href":"https:\/\/api.w.org\/{rel}","templated":true}]}}