{"id":125592,"date":"2025-11-13T14:24:38","date_gmt":"2025-11-13T13:24:38","guid":{"rendered":"https:\/\/www.ernstbrunn-apotheke.at\/katalog\/produkt\/linola-sept-hand-desinfektionsgel-190-ml\/"},"modified":"2025-12-09T09:57:55","modified_gmt":"2025-12-09T08:57:55","slug":"linola-sept-hand-desinfektionsgel-190-ml","status":"publish","type":"product","link":"https:\/\/www.ernstbrunn-apotheke.at\/katalog\/produkt\/linola-sept-hand-desinfektionsgel-190-ml\/","title":{"rendered":"Linola sept Hand-Desinfektionsgel 190 ml"},"content":{"rendered":"<p><strong>Linola sept Hand-Desinfektionsgel bietet mit 70% (v\/v) Ethanol rundum Schutz f\u00fcr die H\u00e4nde und wirkt begrenzt viruzid.<\/strong><\/p>\n<p>&#13;<\/p>\n<p>Das Linola\u00ae sept Hand-Desinfektionsgel bietet Schutz mit 70 %(v\/v) Ethanol, entsprechend der Empfehlung der Weltgesundheitsorganisation WHO. 3-fach wirksam: gegen Hefepilze, Bakterien und Viren. Die angenehme Haptik des Produkts, durch die spezielle Produktbeschaffenheit als Gel, erm\u00f6glicht ein einfaches Auftragen und Verreiben auf der Haut. Das Linola\u00ae sept Hand-Desinfektionsgel ist auch bei beanspruchter Haut geeignet. Es hinterl\u00e4sst ein frisches und reines Gef\u00fchl auf der Haut. Praktische Anwendung besonders f\u00fcr unterwegs: wirksam ohne Wasser und Seife.<\/p>\n","protected":false},"excerpt":{"rendered":"<p>Linola sept Hand-Desinfektionsgel bietet mit 70% (v\/v) Ethanol rundum Schutz f\u00fcr die H\u00e4nde und wirkt begrenzt viruzid. &#13; Das Linola\u00ae sept Hand-Desinfektionsgel bietet Schutz mit 70 %(v\/v) Ethanol, entsprechend der Empfehlung der Weltgesundheitsorganisation WHO. 3-fach wirksam: gegen Hefepilze, Bakterien und Viren. Die angenehme Haptik des Produkts, durch die spezielle Produktbeschaffenheit als Gel, erm\u00f6glicht ein einfaches [&hellip;]<\/p>\n","protected":false},"featured_media":125594,"template":"","meta":{"_acf_changed":false},"product_brand":[686],"product_cat":[795],"product_tag":[],"class_list":{"0":"post-125592","1":"product","2":"type-product","3":"status-publish","4":"has-post-thumbnail","6":"product_brand-linola","7":"product_cat-l","8":"pa_packungsgroesse-190ml","10":"first","11":"instock","12":"shipping-taxable","13":"purchasable","14":"product-type-simple"},"acf":[],"_links":{"self":[{"href":"https:\/\/www.ernstbrunn-apotheke.at\/katalog\/wp-json\/wp\/v2\/product\/125592","targetHints":{"allow":["GET"]}}],"collection":[{"href":"https:\/\/www.ernstbrunn-apotheke.at\/katalog\/wp-json\/wp\/v2\/product"}],"about":[{"href":"https:\/\/www.ernstbrunn-apotheke.at\/katalog\/wp-json\/wp\/v2\/types\/product"}],"wp:featuredmedia":[{"embeddable":true,"href":"https:\/\/www.ernstbrunn-apotheke.at\/katalog\/wp-json\/wp\/v2\/media\/125594"}],"wp:attachment":[{"href":"https:\/\/www.ernstbrunn-apotheke.at\/katalog\/wp-json\/wp\/v2\/media?parent=125592"}],"wp:term":[{"taxonomy":"product_brand","embeddable":true,"href":"https:\/\/www.ernstbrunn-apotheke.at\/katalog\/wp-json\/wp\/v2\/product_brand?post=125592"},{"taxonomy":"product_cat","embeddable":true,"href":"https:\/\/www.ernstbrunn-apotheke.at\/katalog\/wp-json\/wp\/v2\/product_cat?post=125592"},{"taxonomy":"product_tag","embeddable":true,"href":"https:\/\/www.ernstbrunn-apotheke.at\/katalog\/wp-json\/wp\/v2\/product_tag?post=125592"}],"curies":[{"name":"wp","href":"https:\/\/api.w.org\/{rel}","templated":true}]}}