{"id":125500,"date":"2025-11-13T14:21:50","date_gmt":"2025-11-13T13:21:50","guid":{"rendered":"https:\/\/www.ernstbrunn-apotheke.at\/katalog\/produkt\/lenscare-kochsalz-loesung-380-ml\/"},"modified":"2025-12-09T09:57:46","modified_gmt":"2025-12-09T08:57:46","slug":"lenscare-kochsalz-loesung-380-ml","status":"publish","type":"product","link":"https:\/\/www.ernstbrunn-apotheke.at\/katalog\/produkt\/lenscare-kochsalz-loesung-380-ml\/","title":{"rendered":"Lenscare Kochsalz-L\u00f6sung 380 ml"},"content":{"rendered":"<p>Lenscare Kochsalz-L\u00f6sung sollte verwendet werden, um Kontaktlinsen abzusp\u00fclen und so st\u00f6rende Schmutzpartikel von ihnen zu entfernen. Die L\u00f6sung eignet sich auch zur Anwendung von Proteinentfernungstabletten. Nach der Anwendung werden die Kontaktlinsen anschlie\u00dfend in einem geeigneten Pflegemittel wie gewohnt desinfiziert und gelagert.<\/p>\n","protected":false},"excerpt":{"rendered":"<p>Lenscare Kochsalz-L\u00f6sung sollte verwendet werden, um Kontaktlinsen abzusp\u00fclen und so st\u00f6rende Schmutzpartikel von ihnen zu entfernen. Die L\u00f6sung eignet sich auch zur Anwendung von Proteinentfernungstabletten. Nach der Anwendung werden die Kontaktlinsen anschlie\u00dfend in einem geeigneten Pflegemittel wie gewohnt desinfiziert und gelagert.<\/p>\n","protected":false},"featured_media":125502,"template":"","meta":{"_acf_changed":false},"product_brand":[],"product_cat":[795],"product_tag":[],"class_list":{"0":"post-125500","1":"product","2":"type-product","3":"status-publish","4":"has-post-thumbnail","6":"product_cat-l","7":"pa_packungsgroesse-380ml","9":"first","10":"instock","11":"shipping-taxable","12":"purchasable","13":"product-type-simple"},"acf":[],"_links":{"self":[{"href":"https:\/\/www.ernstbrunn-apotheke.at\/katalog\/wp-json\/wp\/v2\/product\/125500","targetHints":{"allow":["GET"]}}],"collection":[{"href":"https:\/\/www.ernstbrunn-apotheke.at\/katalog\/wp-json\/wp\/v2\/product"}],"about":[{"href":"https:\/\/www.ernstbrunn-apotheke.at\/katalog\/wp-json\/wp\/v2\/types\/product"}],"wp:featuredmedia":[{"embeddable":true,"href":"https:\/\/www.ernstbrunn-apotheke.at\/katalog\/wp-json\/wp\/v2\/media\/125502"}],"wp:attachment":[{"href":"https:\/\/www.ernstbrunn-apotheke.at\/katalog\/wp-json\/wp\/v2\/media?parent=125500"}],"wp:term":[{"taxonomy":"product_brand","embeddable":true,"href":"https:\/\/www.ernstbrunn-apotheke.at\/katalog\/wp-json\/wp\/v2\/product_brand?post=125500"},{"taxonomy":"product_cat","embeddable":true,"href":"https:\/\/www.ernstbrunn-apotheke.at\/katalog\/wp-json\/wp\/v2\/product_cat?post=125500"},{"taxonomy":"product_tag","embeddable":true,"href":"https:\/\/www.ernstbrunn-apotheke.at\/katalog\/wp-json\/wp\/v2\/product_tag?post=125500"}],"curies":[{"name":"wp","href":"https:\/\/api.w.org\/{rel}","templated":true}]}}