{"id":125497,"date":"2025-11-13T14:21:50","date_gmt":"2025-11-13T13:21:50","guid":{"rendered":"https:\/\/www.ernstbrunn-apotheke.at\/katalog\/produkt\/lenscare-hartlinsenreinigung-60-ml\/"},"modified":"2025-12-09T09:57:46","modified_gmt":"2025-12-09T08:57:46","slug":"lenscare-hartlinsenreinigung-60-ml","status":"publish","type":"product","link":"https:\/\/www.ernstbrunn-apotheke.at\/katalog\/produkt\/lenscare-hartlinsenreinigung-60-ml\/","title":{"rendered":"Lenscare Hartlinsenreinigung 60 ml"},"content":{"rendered":"<p>Der Lenscare Hartlinsen-Reiniger ist ein Oberfl\u00e4chenreiniger, der speziell f\u00fcr die Pflege harter Kontaktlinsen entwickelt wurde. Dieser intensive Hartlinsen-Reiniger entfernt schnell und gr\u00fcndlich s\u00e4mtliche Ablagerungen, wie Proteine aus dem Tr\u00e4nenfilm, Staub, Schmutz und Make-Up-Reste. Dabei kommt der Reiniger ohne Konservierungsstoffe und abrasive Inhaltsstoffe aus.F\u00fcr ein optimales Pflegeergebnis sollten Sie den Lenscare Hartlinsen-Reiniger zusammen mit der Lenscare Aufbewahrungs-L\u00f6sung verwenden, da es sich hierbei um ein zweistufiges Pflegesystem f\u00fcr formstabile Kontaktlinsen handelt..<\/p>\n","protected":false},"excerpt":{"rendered":"<p>Der Lenscare Hartlinsen-Reiniger ist ein Oberfl\u00e4chenreiniger, der speziell f\u00fcr die Pflege harter Kontaktlinsen entwickelt wurde. Dieser intensive Hartlinsen-Reiniger entfernt schnell und gr\u00fcndlich s\u00e4mtliche Ablagerungen, wie Proteine aus dem Tr\u00e4nenfilm, Staub, Schmutz und Make-Up-Reste. Dabei kommt der Reiniger ohne Konservierungsstoffe und abrasive Inhaltsstoffe aus.F\u00fcr ein optimales Pflegeergebnis sollten Sie den Lenscare Hartlinsen-Reiniger zusammen mit der Lenscare [&hellip;]<\/p>\n","protected":false},"featured_media":125499,"template":"","meta":{"_acf_changed":false},"product_brand":[],"product_cat":[795],"product_tag":[],"class_list":{"0":"post-125497","1":"product","2":"type-product","3":"status-publish","4":"has-post-thumbnail","6":"product_cat-l","7":"pa_packungsgroesse-60ml","9":"first","10":"instock","11":"shipping-taxable","12":"purchasable","13":"product-type-simple"},"acf":[],"_links":{"self":[{"href":"https:\/\/www.ernstbrunn-apotheke.at\/katalog\/wp-json\/wp\/v2\/product\/125497","targetHints":{"allow":["GET"]}}],"collection":[{"href":"https:\/\/www.ernstbrunn-apotheke.at\/katalog\/wp-json\/wp\/v2\/product"}],"about":[{"href":"https:\/\/www.ernstbrunn-apotheke.at\/katalog\/wp-json\/wp\/v2\/types\/product"}],"wp:featuredmedia":[{"embeddable":true,"href":"https:\/\/www.ernstbrunn-apotheke.at\/katalog\/wp-json\/wp\/v2\/media\/125499"}],"wp:attachment":[{"href":"https:\/\/www.ernstbrunn-apotheke.at\/katalog\/wp-json\/wp\/v2\/media?parent=125497"}],"wp:term":[{"taxonomy":"product_brand","embeddable":true,"href":"https:\/\/www.ernstbrunn-apotheke.at\/katalog\/wp-json\/wp\/v2\/product_brand?post=125497"},{"taxonomy":"product_cat","embeddable":true,"href":"https:\/\/www.ernstbrunn-apotheke.at\/katalog\/wp-json\/wp\/v2\/product_cat?post=125497"},{"taxonomy":"product_tag","embeddable":true,"href":"https:\/\/www.ernstbrunn-apotheke.at\/katalog\/wp-json\/wp\/v2\/product_tag?post=125497"}],"curies":[{"name":"wp","href":"https:\/\/api.w.org\/{rel}","templated":true}]}}