{"id":125303,"date":"2025-11-13T14:16:33","date_gmt":"2025-11-13T13:16:33","guid":{"rendered":"https:\/\/www.ernstbrunn-apotheke.at\/katalog\/produkt\/la-roche-posay-lipikar-baume-light-apm-rueckfettende-neurodermitis-lotion-200ml\/"},"modified":"2025-12-09T09:57:24","modified_gmt":"2025-12-09T08:57:24","slug":"la-roche-posay-lipikar-baume-light-apm-rueckfettende-neurodermitis-lotion-200ml","status":"publish","type":"product","link":"https:\/\/www.ernstbrunn-apotheke.at\/katalog\/produkt\/la-roche-posay-lipikar-baume-light-apm-rueckfettende-neurodermitis-lotion-200ml\/","title":{"rendered":"La Roche Posay Lipikar Baume Light AP+M r\u00fcckfettende Neurodermitis-Lotion 200ml"},"content":{"rendered":"<p>Pflegende K\u00f6rperlotion bei Neurodermitis und empfindlicher Haut. LIPIKAR Baume AP+M mit Anti-Juckreiz- und Anti-R\u00fcckfall-Effekt wirkt hautberuhigend und stabilisiert das Mikrobiom der Haut.<\/p>\n","protected":false},"excerpt":{"rendered":"<p>Pflegende K\u00f6rperlotion bei Neurodermitis und empfindlicher Haut. LIPIKAR Baume AP+M mit Anti-Juckreiz- und Anti-R\u00fcckfall-Effekt wirkt hautberuhigend und stabilisiert das Mikrobiom der Haut.<\/p>\n","protected":false},"featured_media":125305,"template":"","meta":{"_acf_changed":false},"product_brand":[677],"product_cat":[795],"product_tag":[],"class_list":{"0":"post-125303","1":"product","2":"type-product","3":"status-publish","4":"has-post-thumbnail","6":"product_brand-la-roche-posay","7":"product_cat-l","8":"pa_packungsgroesse-200ml","10":"first","11":"instock","12":"shipping-taxable","13":"purchasable","14":"product-type-simple"},"acf":[],"_links":{"self":[{"href":"https:\/\/www.ernstbrunn-apotheke.at\/katalog\/wp-json\/wp\/v2\/product\/125303","targetHints":{"allow":["GET"]}}],"collection":[{"href":"https:\/\/www.ernstbrunn-apotheke.at\/katalog\/wp-json\/wp\/v2\/product"}],"about":[{"href":"https:\/\/www.ernstbrunn-apotheke.at\/katalog\/wp-json\/wp\/v2\/types\/product"}],"wp:featuredmedia":[{"embeddable":true,"href":"https:\/\/www.ernstbrunn-apotheke.at\/katalog\/wp-json\/wp\/v2\/media\/125305"}],"wp:attachment":[{"href":"https:\/\/www.ernstbrunn-apotheke.at\/katalog\/wp-json\/wp\/v2\/media?parent=125303"}],"wp:term":[{"taxonomy":"product_brand","embeddable":true,"href":"https:\/\/www.ernstbrunn-apotheke.at\/katalog\/wp-json\/wp\/v2\/product_brand?post=125303"},{"taxonomy":"product_cat","embeddable":true,"href":"https:\/\/www.ernstbrunn-apotheke.at\/katalog\/wp-json\/wp\/v2\/product_cat?post=125303"},{"taxonomy":"product_tag","embeddable":true,"href":"https:\/\/www.ernstbrunn-apotheke.at\/katalog\/wp-json\/wp\/v2\/product_tag?post=125303"}],"curies":[{"name":"wp","href":"https:\/\/api.w.org\/{rel}","templated":true}]}}