{"id":123920,"date":"2025-11-13T11:40:09","date_gmt":"2025-11-13T10:40:09","guid":{"rendered":"https:\/\/www.ernstbrunn-apotheke.at\/katalog\/produkt\/hyaluron-activ-hand-und-nagelcreme-75-ml\/"},"modified":"2025-12-09T09:53:54","modified_gmt":"2025-12-09T08:53:54","slug":"hyaluron-activ-hand-und-nagelcreme-75-ml","status":"publish","type":"product","link":"https:\/\/www.ernstbrunn-apotheke.at\/katalog\/produkt\/hyaluron-activ-hand-und-nagelcreme-75-ml\/","title":{"rendered":"Hyaluron Activ Hand- und Nagelcreme 75 ml"},"content":{"rendered":"<p>Die Hyaluron Activ Hand- und Nagelcreme gilt als die ideale Hilfe f\u00fcr trockene und faltige Haut an H\u00e4nden und N\u00e4geln. Die enthaltene nat\u00fcrliche und hochkonzentrierte Hyalurons\u00e4ure versorgt die Haut mit Feuchtigkeit und verleiht ihr mehr Elastizit\u00e4t und Spannkraft. Dadurch werden sogar tiefe Falten von innen heraus nachhaltig aufgepolstert und die Haut wesentlich glatter, geschmeidiger und strahlender<\/p>\n","protected":false},"excerpt":{"rendered":"<p>Die Hyaluron Activ Hand- und Nagelcreme gilt als die ideale Hilfe f\u00fcr trockene und faltige Haut an H\u00e4nden und N\u00e4geln. Die enthaltene nat\u00fcrliche und hochkonzentrierte Hyalurons\u00e4ure versorgt die Haut mit Feuchtigkeit und verleiht ihr mehr Elastizit\u00e4t und Spannkraft. Dadurch werden sogar tiefe Falten von innen heraus nachhaltig aufgepolstert und die Haut wesentlich glatter, geschmeidiger und [&hellip;]<\/p>\n","protected":false},"featured_media":123922,"template":"","meta":{"_acf_changed":false},"product_brand":[],"product_cat":[805],"product_tag":[],"class_list":{"0":"post-123920","1":"product","2":"type-product","3":"status-publish","4":"has-post-thumbnail","6":"product_cat-h","7":"pa_packungsgroesse-75ml","9":"first","10":"instock","11":"shipping-taxable","12":"purchasable","13":"product-type-simple"},"acf":[],"_links":{"self":[{"href":"https:\/\/www.ernstbrunn-apotheke.at\/katalog\/wp-json\/wp\/v2\/product\/123920","targetHints":{"allow":["GET"]}}],"collection":[{"href":"https:\/\/www.ernstbrunn-apotheke.at\/katalog\/wp-json\/wp\/v2\/product"}],"about":[{"href":"https:\/\/www.ernstbrunn-apotheke.at\/katalog\/wp-json\/wp\/v2\/types\/product"}],"wp:featuredmedia":[{"embeddable":true,"href":"https:\/\/www.ernstbrunn-apotheke.at\/katalog\/wp-json\/wp\/v2\/media\/123922"}],"wp:attachment":[{"href":"https:\/\/www.ernstbrunn-apotheke.at\/katalog\/wp-json\/wp\/v2\/media?parent=123920"}],"wp:term":[{"taxonomy":"product_brand","embeddable":true,"href":"https:\/\/www.ernstbrunn-apotheke.at\/katalog\/wp-json\/wp\/v2\/product_brand?post=123920"},{"taxonomy":"product_cat","embeddable":true,"href":"https:\/\/www.ernstbrunn-apotheke.at\/katalog\/wp-json\/wp\/v2\/product_cat?post=123920"},{"taxonomy":"product_tag","embeddable":true,"href":"https:\/\/www.ernstbrunn-apotheke.at\/katalog\/wp-json\/wp\/v2\/product_tag?post=123920"}],"curies":[{"name":"wp","href":"https:\/\/api.w.org\/{rel}","templated":true}]}}