{"id":123887,"date":"2025-11-13T11:39:17","date_gmt":"2025-11-13T10:39:17","guid":{"rendered":"https:\/\/www.ernstbrunn-apotheke.at\/katalog\/produkt\/hoyer-fenchel-und-thymian-honigsirup-250-g\/"},"modified":"2025-12-09T09:53:51","modified_gmt":"2025-12-09T08:53:51","slug":"hoyer-fenchel-und-thymian-honigsirup-250-g","status":"publish","type":"product","link":"https:\/\/www.ernstbrunn-apotheke.at\/katalog\/produkt\/hoyer-fenchel-und-thymian-honigsirup-250-g\/","title":{"rendered":"Hoyer Fenchel und Thymian Honigsirup 250 g"},"content":{"rendered":"<p>Hoyer Fenchel und Thymian Honigsirup ist eine Wirkstoffkombination aus Bio-Honig mit Fenchel- und Thymian\u00f6l. Der Sirup wird gerne gegen Katarrhe der oberen Luftwege, bei Bronchitis und Keuchhusten angewendet. Au\u00dferdem findet er traditonell ebenfalls Anwendung bei Erk\u00e4ltungskrankheiten und zur Beruhigung des Darms.<\/p>\n","protected":false},"excerpt":{"rendered":"<p>Hoyer Fenchel und Thymian Honigsirup ist eine Wirkstoffkombination aus Bio-Honig mit Fenchel- und Thymian\u00f6l. Der Sirup wird gerne gegen Katarrhe der oberen Luftwege, bei Bronchitis und Keuchhusten angewendet. Au\u00dferdem findet er traditonell ebenfalls Anwendung bei Erk\u00e4ltungskrankheiten und zur Beruhigung des Darms.<\/p>\n","protected":false},"featured_media":123889,"template":"","meta":{"_acf_changed":false},"product_brand":[],"product_cat":[805],"product_tag":[],"class_list":{"0":"post-123887","1":"product","2":"type-product","3":"status-publish","4":"has-post-thumbnail","6":"product_cat-h","7":"pa_packungsgroesse-250g","9":"first","10":"instock","11":"shipping-taxable","12":"purchasable","13":"product-type-simple"},"acf":[],"_links":{"self":[{"href":"https:\/\/www.ernstbrunn-apotheke.at\/katalog\/wp-json\/wp\/v2\/product\/123887","targetHints":{"allow":["GET"]}}],"collection":[{"href":"https:\/\/www.ernstbrunn-apotheke.at\/katalog\/wp-json\/wp\/v2\/product"}],"about":[{"href":"https:\/\/www.ernstbrunn-apotheke.at\/katalog\/wp-json\/wp\/v2\/types\/product"}],"wp:featuredmedia":[{"embeddable":true,"href":"https:\/\/www.ernstbrunn-apotheke.at\/katalog\/wp-json\/wp\/v2\/media\/123889"}],"wp:attachment":[{"href":"https:\/\/www.ernstbrunn-apotheke.at\/katalog\/wp-json\/wp\/v2\/media?parent=123887"}],"wp:term":[{"taxonomy":"product_brand","embeddable":true,"href":"https:\/\/www.ernstbrunn-apotheke.at\/katalog\/wp-json\/wp\/v2\/product_brand?post=123887"},{"taxonomy":"product_cat","embeddable":true,"href":"https:\/\/www.ernstbrunn-apotheke.at\/katalog\/wp-json\/wp\/v2\/product_cat?post=123887"},{"taxonomy":"product_tag","embeddable":true,"href":"https:\/\/www.ernstbrunn-apotheke.at\/katalog\/wp-json\/wp\/v2\/product_tag?post=123887"}],"curies":[{"name":"wp","href":"https:\/\/api.w.org\/{rel}","templated":true}]}}