{"id":123831,"date":"2025-11-13T11:37:51","date_gmt":"2025-11-13T10:37:51","guid":{"rendered":"https:\/\/www.ernstbrunn-apotheke.at\/katalog\/produkt\/hipp-babysanft-waschgel-haut-haar-400ml\/"},"modified":"2025-12-09T09:53:44","modified_gmt":"2025-12-09T08:53:44","slug":"hipp-babysanft-waschgel-haut-haar-400ml","status":"publish","type":"product","link":"https:\/\/www.ernstbrunn-apotheke.at\/katalog\/produkt\/hipp-babysanft-waschgel-haut-haar-400ml\/","title":{"rendered":"Hipp Babysanft Waschgel Haut &#038; Haar 400ml"},"content":{"rendered":"<p>Das Hipp Babysanft Waschgel Haut &#038; Haar pflegt Babyhaut sowie sensible Erwachsenenhaut und dient zur sanften Reinigung von feinem Haar. Um Allergie-Risiken zu minimieren enth\u00e4lt das Produkt kein Mineral\u00f6le, Konservierungsstoffe und Parabene und ist schon ab dem 1. Lebenstag anwendbar. Der enthaltene Bio-Mandelextrakt versorgt die Haut mit N\u00e4hrstoffen und unterst\u00fctzt ihren nat\u00fcrlichen S\u00e4ureschutzmantel<\/p>\n","protected":false},"excerpt":{"rendered":"<p>Das Hipp Babysanft Waschgel Haut &#038; Haar pflegt Babyhaut sowie sensible Erwachsenenhaut und dient zur sanften Reinigung von feinem Haar. Um Allergie-Risiken zu minimieren enth\u00e4lt das Produkt kein Mineral\u00f6le, Konservierungsstoffe und Parabene und ist schon ab dem 1. Lebenstag anwendbar. Der enthaltene Bio-Mandelextrakt versorgt die Haut mit N\u00e4hrstoffen und unterst\u00fctzt ihren nat\u00fcrlichen S\u00e4ureschutzmantel<\/p>\n","protected":false},"featured_media":123833,"template":"","meta":{"_acf_changed":false},"product_brand":[],"product_cat":[805],"product_tag":[],"class_list":{"0":"post-123831","1":"product","2":"type-product","3":"status-publish","4":"has-post-thumbnail","6":"product_cat-h","7":"pa_packungsgroesse-400ml","9":"first","10":"instock","11":"shipping-taxable","12":"purchasable","13":"product-type-simple"},"acf":[],"_links":{"self":[{"href":"https:\/\/www.ernstbrunn-apotheke.at\/katalog\/wp-json\/wp\/v2\/product\/123831","targetHints":{"allow":["GET"]}}],"collection":[{"href":"https:\/\/www.ernstbrunn-apotheke.at\/katalog\/wp-json\/wp\/v2\/product"}],"about":[{"href":"https:\/\/www.ernstbrunn-apotheke.at\/katalog\/wp-json\/wp\/v2\/types\/product"}],"wp:featuredmedia":[{"embeddable":true,"href":"https:\/\/www.ernstbrunn-apotheke.at\/katalog\/wp-json\/wp\/v2\/media\/123833"}],"wp:attachment":[{"href":"https:\/\/www.ernstbrunn-apotheke.at\/katalog\/wp-json\/wp\/v2\/media?parent=123831"}],"wp:term":[{"taxonomy":"product_brand","embeddable":true,"href":"https:\/\/www.ernstbrunn-apotheke.at\/katalog\/wp-json\/wp\/v2\/product_brand?post=123831"},{"taxonomy":"product_cat","embeddable":true,"href":"https:\/\/www.ernstbrunn-apotheke.at\/katalog\/wp-json\/wp\/v2\/product_cat?post=123831"},{"taxonomy":"product_tag","embeddable":true,"href":"https:\/\/www.ernstbrunn-apotheke.at\/katalog\/wp-json\/wp\/v2\/product_tag?post=123831"}],"curies":[{"name":"wp","href":"https:\/\/api.w.org\/{rel}","templated":true}]}}