{"id":122932,"date":"2025-11-13T10:55:24","date_gmt":"2025-11-13T09:55:24","guid":{"rendered":"https:\/\/www.ernstbrunn-apotheke.at\/katalog\/produkt\/dr-hauschka-lipliner-105-g-04-cumaru\/"},"modified":"2025-12-09T09:50:53","modified_gmt":"2025-12-09T08:50:53","slug":"dr-hauschka-lipliner-105-g-04-cumaru","status":"publish","type":"product","link":"https:\/\/www.ernstbrunn-apotheke.at\/katalog\/produkt\/dr-hauschka-lipliner-105-g-04-cumaru\/","title":{"rendered":"Dr. Hauschka Lipliner 1,05 g 04 Cumaru"},"content":{"rendered":"<p>Dr. Hauschka Lipliner ist ein wahrer Konturenk\u00f6nner: Der Lipliner gleitet dank der besonderen Formulierung sanft \u00fcber die Lippen und zeichnet die Konturen pr\u00e4zise und gleichm\u00e4\u00dfig nach. Zus\u00e4tzlich wird die Lippenpartie durch die Rezeptur mit Mineralpigmenten und Heilpflanzenausz\u00fcgen gepflegt &#8211; jetzt mit hohem Rabatt alle Make-up Produkte von Dr. Hauschka bestellen!<\/p>\n","protected":false},"excerpt":{"rendered":"<p>Dr. Hauschka Lipliner ist ein wahrer Konturenk\u00f6nner: Der Lipliner gleitet dank der besonderen Formulierung sanft \u00fcber die Lippen und zeichnet die Konturen pr\u00e4zise und gleichm\u00e4\u00dfig nach. Zus\u00e4tzlich wird die Lippenpartie durch die Rezeptur mit Mineralpigmenten und Heilpflanzenausz\u00fcgen gepflegt &#8211; jetzt mit hohem Rabatt alle Make-up Produkte von Dr. Hauschka bestellen!<\/p>\n","protected":false},"featured_media":6631,"template":"","meta":{"_acf_changed":false},"product_brand":[355],"product_cat":[792],"product_tag":[],"class_list":{"0":"post-122932","1":"product","2":"type-product","3":"status-publish","4":"has-post-thumbnail","6":"product_brand-hauschka","7":"product_cat-d","8":"pa_packungsgroesse-1-stueck","10":"first","11":"instock","12":"shipping-taxable","13":"purchasable","14":"product-type-simple"},"acf":[],"_links":{"self":[{"href":"https:\/\/www.ernstbrunn-apotheke.at\/katalog\/wp-json\/wp\/v2\/product\/122932","targetHints":{"allow":["GET"]}}],"collection":[{"href":"https:\/\/www.ernstbrunn-apotheke.at\/katalog\/wp-json\/wp\/v2\/product"}],"about":[{"href":"https:\/\/www.ernstbrunn-apotheke.at\/katalog\/wp-json\/wp\/v2\/types\/product"}],"wp:featuredmedia":[{"embeddable":true,"href":"https:\/\/www.ernstbrunn-apotheke.at\/katalog\/wp-json\/wp\/v2\/media\/6631"}],"wp:attachment":[{"href":"https:\/\/www.ernstbrunn-apotheke.at\/katalog\/wp-json\/wp\/v2\/media?parent=122932"}],"wp:term":[{"taxonomy":"product_brand","embeddable":true,"href":"https:\/\/www.ernstbrunn-apotheke.at\/katalog\/wp-json\/wp\/v2\/product_brand?post=122932"},{"taxonomy":"product_cat","embeddable":true,"href":"https:\/\/www.ernstbrunn-apotheke.at\/katalog\/wp-json\/wp\/v2\/product_cat?post=122932"},{"taxonomy":"product_tag","embeddable":true,"href":"https:\/\/www.ernstbrunn-apotheke.at\/katalog\/wp-json\/wp\/v2\/product_tag?post=122932"}],"curies":[{"name":"wp","href":"https:\/\/api.w.org\/{rel}","templated":true}]}}